{"id":37139,"date":"2017-02-12T19:19:10","date_gmt":"2017-02-12T18:19:10","guid":{"rendered":"https:\/\/bylandry.com\/envert-v2\/interviews\/julio-une-memoire-peruvienne\/"},"modified":"2021-03-18T10:31:57","modified_gmt":"2021-03-18T09:31:57","slug":"julio-une-memoire-peruvienne","status":"publish","type":"interviews","link":"https:\/\/envol-vert.org\/en\/itv\/julio-une-memoire-peruvienne\/","title":{"rendered":"Julio, une m\u00e9moire p\u00e9ruvienne du projet Agroforesterie"},"content":{"rendered":"<p><a href=\"http:\/\/envol-vert.org\/wp-content\/uploads\/2017\/02\/agroforesterie_fev17.jpg\"><img decoding=\"async\" class=\"alignleft wp-image-15159 size-medium\" src=\"http:\/\/envol-vert.org\/wp-content\/uploads\/2017\/02\/agroforesterie_fev17-225x300.jpg\" alt=\"agroforesterie_fev17\" width=\"225\" height=\"300\" srcset=\"https:\/\/envol-vert.org\/wp-content\/uploads\/2017\/02\/agroforesterie_fev17-225x300.jpg 225w, https:\/\/envol-vert.org\/wp-content\/uploads\/2017\/02\/agroforesterie_fev17-768x1024.jpg 768w, https:\/\/envol-vert.org\/wp-content\/uploads\/2017\/02\/agroforesterie_fev17.jpg 800w\" sizes=\"(max-width: 225px) 100vw, 225px\" \/><\/a>Julio est un peu la m\u00e9moire du projet d\u2019Envol Vert \u00e0 Pichanaki. Contract\u00e9 en 2012 pour assister les travaux de reforestation, <strong>il a vu \u00e9voluer le projet et a form\u00e9 un \u00e0 un tous ses volontaires<\/strong>. Il revient sur les raisons qui ont motiv\u00e9 son investissement aux c\u00f4t\u00e9s d\u2019Envol Vert.<br \/>\n<strong>Ing\u00e9nieur agronome sp\u00e9cialis\u00e9 dans la culture du caf\u00e9<\/strong>, c\u2019est en travaillant sur la certification des exploitations qu\u2019il commence \u00e0 s\u2019int\u00e9resser aux syst\u00e8mes agroforestiers.<strong> L\u2019id\u00e9e d\u2019installer des arbres sur des parcelles n\u2019\u00e9taient alors que tr\u00e8s peu prise au s\u00e9rieux<\/strong>, \u00ab\u00a0les producteurs \u00e9taient habitu\u00e9s \u00e0 gagner de l\u2019argent rapidement\u00a0\u00bb, alors que la sylviculture demande un investissement \u00e0 long terme.<strong> D\u00e8s les premiers r\u00e9sultats, les producteurs se laissent convaincre<\/strong> et aujourd\u2019hui, Julio salue le travail \u00ab\u00a0<em>Il y a des producteurs qui s\u2019identifient au projet, qui y sont tr\u00e8s attach\u00e9s. Ils ont pris conscience de la d\u00e9gradation des sols et des services que rendent les arbres \u00e0 leur parcelle\u00a0: ombrage, r\u00e9duction de l\u2019utilisation de fertilisants, retenue de l\u2019eau\u00a0<\/em>\u00bb. Julio esp\u00e8re bien que les b\u00e9n\u00e9ficiaires du projet vont \u00e0 leur tour sensibiliser leur entourage et ainsi permettre au travail de reforestation de s\u2019\u00e9tendre.<br \/>\n<a href=\"http:\/\/envol-vert.org\/wp-content\/uploads\/2017\/02\/agroforesterie_fev17_3.jpg\"><img decoding=\"async\" class=\"alignright wp-image-15161 size-medium\" src=\"http:\/\/envol-vert.org\/wp-content\/uploads\/2017\/02\/agroforesterie_fev17_3-300x225.jpg\" alt=\"agroforesterie_fev17_3\" width=\"300\" height=\"225\" srcset=\"https:\/\/envol-vert.org\/wp-content\/uploads\/2017\/02\/agroforesterie_fev17_3-300x225.jpg 300w, https:\/\/envol-vert.org\/wp-content\/uploads\/2017\/02\/agroforesterie_fev17_3-768x576.jpg 768w, https:\/\/envol-vert.org\/wp-content\/uploads\/2017\/02\/agroforesterie_fev17_3.jpg 800w\" sizes=\"(max-width: 300px) 100vw, 300px\" \/><\/a><strong>Julio place l\u2019\u00e9change au c\u0153ur de son travail<\/strong>. Echange avec les producteurs qui appr\u00e9cient le suivi s\u00e9rieux du projet et s\u2019investissent d\u2019autant plus que celui-ci n\u2019est pas \u00ab\u00a0une fleur d\u2019un jour\u00a0\u00bb. Echange \u00e9galement avec les diff\u00e9rentes organisations autour des pratiques de reforestation \u2013 il ignorait par exemple les effets de certaines esp\u00e8ces exotiques sur la qualit\u00e9 des sols. Echange, enfin, avec les volontaires, venus de bien loin avec de nouvelles exp\u00e9riences \u00e0 partager. L\u2019un d\u2019entre eux ne parlait pas espagnol en arrivant, mais l\u2019agronome lui a permis de rapidement comprendre les enjeux du travail de terrain&#8230; et la n\u00e9cessit\u00e9 de s\u2019acheter des bottes pour assurer les descentes sur les parcelles \u00e0 flanc de montagne\u00a0!<\/p>\n<p><a href=\"http:\/\/envol-vert.org\/actu\/2017\/10\/jvf-2017-julio-ingenieur-reforestation-envolvert-perou\/\">D\u00e9couvrir la vid\u00e9o de France Volontaires<\/a><\/p>\n","protected":false},"excerpt":{"rendered":"<p>Julio est un peu la m\u00e9moire du projet d\u2019Envol Vert \u00e0 Pichanaki. Contract\u00e9 en 2012 pour assister les travaux de reforestation, il a vu \u00e9voluer le projet et a form\u00e9 un \u00e0 un tous ses volontaires.<\/p>\n","protected":false},"featured_media":26868,"template":"","interview_categories":[1487],"class_list":["post-37139","interviews","type-interviews","status-publish","has-post-thumbnail","hentry","interview_categories-coffee-cacao-agroforestry-program-peru"],"_links":{"self":[{"href":"https:\/\/envol-vert.org\/en\/wp-json\/wp\/v2\/interviews\/37139","targetHints":{"allow":["GET"]}}],"collection":[{"href":"https:\/\/envol-vert.org\/en\/wp-json\/wp\/v2\/interviews"}],"about":[{"href":"https:\/\/envol-vert.org\/en\/wp-json\/wp\/v2\/types\/interviews"}],"wp:featuredmedia":[{"embeddable":true,"href":"https:\/\/envol-vert.org\/en\/wp-json\/wp\/v2\/media\/26868"}],"wp:attachment":[{"href":"https:\/\/envol-vert.org\/en\/wp-json\/wp\/v2\/media?parent=37139"}],"wp:term":[{"taxonomy":"interview_categories","embeddable":true,"href":"https:\/\/envol-vert.org\/en\/wp-json\/wp\/v2\/interview_categories?post=37139"}],"curies":[{"name":"wp","href":"https:\/\/api.w.org\/{rel}","templated":true}]}}

Julio, une mémoire péruvienne du projet Agroforesterie

<p><a href="http://envol-vert.org/wp-content/uploads/2017/02/agroforesterie_fev17.jpg"><img decoding="async" class="alignleft wp-image-15159 size-medium" src="http://envol-vert.org/wp-content/uploads/2017/02/agroforesterie_fev17-225x300.jpg" alt="agroforesterie_fev17" width="225" height="300" srcset="https://envol-vert.org/wp-content/uploads/2017/02/agroforesterie_fev17-225x300.jpg 225w, https://envol-vert.org/wp-content/uploads/2017/02/agroforesterie_fev17-768x1024.jpg 768w, https://envol-vert.org/wp-content/uploads/2017/02/agroforesterie_fev17.jpg 800w" sizes="(max-width: 225px) 100vw, 225px" /></a>Julio est un peu la mémoire du projet d’Envol Vert à Pichanaki. Contracté en 2012 pour assister les travaux de reforestation, <strong>il a vu évoluer le projet et a formé un à un tous ses volontaires</strong>. Il revient sur les raisons qui ont motivé son investissement aux côtés d’Envol Vert.<br />
<strong>Ingénieur agronome spécialisé dans la culture du café</strong>, c’est en travaillant sur la certification des exploitations qu’il commence à s’intéresser aux systèmes agroforestiers.<strong> L’idée d’installer des arbres sur des parcelles n’étaient alors que très peu prise au sérieux</strong>, « les producteurs étaient habitués à gagner de l’argent rapidement », alors que la sylviculture demande un investissement à long terme.<strong> Dès les premiers résultats, les producteurs se laissent convaincre</strong> et aujourd’hui, Julio salue le travail « <em>Il y a des producteurs qui s’identifient au projet, qui y sont très attachés. Ils ont pris conscience de la dégradation des sols et des services que rendent les arbres à leur parcelle : ombrage, réduction de l’utilisation de fertilisants, retenue de l’eau </em>». Julio espère bien que les bénéficiaires du projet vont à leur tour sensibiliser leur entourage et ainsi permettre au travail de reforestation de s’étendre.<br />
<a href="http://envol-vert.org/wp-content/uploads/2017/02/agroforesterie_fev17_3.jpg"><img decoding="async" class="alignright wp-image-15161 size-medium" src="http://envol-vert.org/wp-content/uploads/2017/02/agroforesterie_fev17_3-300x225.jpg" alt="agroforesterie_fev17_3" width="300" height="225" srcset="https://envol-vert.org/wp-content/uploads/2017/02/agroforesterie_fev17_3-300x225.jpg 300w, https://envol-vert.org/wp-content/uploads/2017/02/agroforesterie_fev17_3-768x576.jpg 768w, https://envol-vert.org/wp-content/uploads/2017/02/agroforesterie_fev17_3.jpg 800w" sizes="(max-width: 300px) 100vw, 300px" /></a><strong>Julio place l’échange au cœur de son travail</strong>. Echange avec les producteurs qui apprécient le suivi sérieux du projet et s’investissent d’autant plus que celui-ci n’est pas « une fleur d’un jour ». Echange également avec les différentes organisations autour des pratiques de reforestation – il ignorait par exemple les effets de certaines espèces exotiques sur la qualité des sols. Echange, enfin, avec les volontaires, venus de bien loin avec de nouvelles expériences à partager. L’un d’entre eux ne parlait pas espagnol en arrivant, mais l’agronome lui a permis de rapidement comprendre les enjeux du travail de terrain&#8230; et la nécessité de s’acheter des bottes pour assurer les descentes sur les parcelles à flanc de montagne !</p>
<p><a href="http://envol-vert.org/actu/2017/10/jvf-2017-julio-ingenieur-reforestation-envolvert-perou/">Découvrir la vidéo de France Volontaires</a></p>

<p>Julio est un peu la mémoire du projet d’Envol Vert à Pichanaki. Contracté en 2012 pour assister les travaux de reforestation, il a vu évoluer le projet et a formé un à un tous ses volontaires.</p>
