{"id":46920,"date":"2023-03-16T00:01:35","date_gmt":"2023-03-15T22:01:35","guid":{"rendered":"https:\/\/envol-vert.org\/?post_type=interviews&#038;p=46920"},"modified":"2023-03-16T00:01:35","modified_gmt":"2023-03-15T22:01:35","slug":"suzanne-voluntaria-de-envol-vert-en-ovejas-sucre","status":"publish","type":"interviews","link":"https:\/\/envol-vert.org\/es\/etv\/suzanne-voluntaria-de-envol-vert-en-ovejas-sucre\/","title":{"rendered":"Suzanne, voluntaria de Envol Vert en Ovejas, Sucre"},"content":{"rendered":"<div class=\"fusion-fullwidth fullwidth-box fusion-builder-row-1 fusion-flex-container nonhundred-percent-fullwidth non-hundred-percent-height-scrolling\" style=\"--awb-border-radius-top-left:0px;--awb-border-radius-top-right:0px;--awb-border-radius-bottom-right:0px;--awb-border-radius-bottom-left:0px;--awb-flex-wrap:wrap;\" ><div class=\"fusion-builder-row fusion-row fusion-flex-align-items-flex-start fusion-flex-content-wrap\" style=\"max-width:1040px;margin-left: calc(-4% \/ 2 );margin-right: calc(-4% \/ 2 );\"><div class=\"fusion-layout-column fusion_builder_column fusion-builder-column-0 fusion_builder_column_1_1 1_1 fusion-flex-column\" style=\"--awb-bg-size:cover;--awb-width-large:100%;--awb-margin-top-large:0px;--awb-spacing-right-large:1.92%;--awb-margin-bottom-large:20px;--awb-spacing-left-large:1.92%;--awb-width-medium:100%;--awb-order-medium:0;--awb-spacing-right-medium:1.92%;--awb-spacing-left-medium:1.92%;--awb-width-small:100%;--awb-order-small:0;--awb-spacing-right-small:1.92%;--awb-spacing-left-small:1.92%;\"><div class=\"fusion-column-wrapper fusion-column-has-shadow fusion-flex-justify-content-flex-start fusion-content-layout-column\"><div class=\"fusion-text fusion-text-1\" style=\"--awb-text-transform:none;\"><p><span style=\"font-weight: 400;\">Suzanne Mirada Moub\u00e8che lleg\u00f3 a Colombia como voluntaria del servicio c\u00edvico franc\u00e9s. Est\u00e1 vinculada en el proyecto para la conservaci\u00f3n del Bosque Seco Tropical en la costa caribe colombiana, espec\u00edficamente en Ovejas, Sucre.<\/span><\/p>\n<p><span style=\"font-weight: 400;\">Su responsabilidad en campo estar\u00e1 enfocada al trabajo con las comunidades campesinas en el desarrollo de alternativas econ\u00f3micas a la deforestaci\u00f3n, as\u00ed como tambi\u00e9n en el desarrollo de oportunidades para la diversificaci\u00f3n de las fuentes de ingresos de las actividades agr\u00edcolas, desde un enfoque de econom\u00eda circular y la inclusi\u00f3n de las mujeres y los j\u00f3venes.<\/span><\/p>\n<p><span style=\"font-weight: 400;\">Tiene un inter\u00e9s especial en sensibilizar sobre los retos de una agricultura sostenible para contribuir a la preservaci\u00f3n del seco tropical colombiano.<\/span><\/p>\n<\/div><\/div><\/div><\/div><\/div>\n","protected":false},"excerpt":{"rendered":"<p>Suzanne Mirada Moub\u00e8che lleg\u00f3 a Colombia como voluntaria del servicio c\u00edvico franc\u00e9s. Est\u00e1 vinculada en el proyecto para la conservaci\u00f3n del Bosque Seco Tropical en la costa caribe colombiana, espec\u00edficamente en Ovejas, Sucre.<\/p>\n","protected":false},"featured_media":46921,"template":"","interview_categories":[1488],"class_list":["post-46920","interviews","type-interviews","status-publish","has-post-thumbnail","hentry","interview_categories-programme-de-preservation-des-forets-seches-es"],"_links":{"self":[{"href":"https:\/\/envol-vert.org\/es\/wp-json\/wp\/v2\/interviews\/46920","targetHints":{"allow":["GET"]}}],"collection":[{"href":"https:\/\/envol-vert.org\/es\/wp-json\/wp\/v2\/interviews"}],"about":[{"href":"https:\/\/envol-vert.org\/es\/wp-json\/wp\/v2\/types\/interviews"}],"wp:featuredmedia":[{"embeddable":true,"href":"https:\/\/envol-vert.org\/es\/wp-json\/wp\/v2\/media\/46921"}],"wp:attachment":[{"href":"https:\/\/envol-vert.org\/es\/wp-json\/wp\/v2\/media?parent=46920"}],"wp:term":[{"taxonomy":"interview_categories","embeddable":true,"href":"https:\/\/envol-vert.org\/es\/wp-json\/wp\/v2\/interview_categories?post=46920"}],"curies":[{"name":"wp","href":"https:\/\/api.w.org\/{rel}","templated":true}]}}

<div class="fusion-fullwidth fullwidth-box fusion-builder-row-1 fusion-flex-container nonhundred-percent-fullwidth non-hundred-percent-height-scrolling" style="--awb-border-radius-top-left:0px;--awb-border-radius-top-right:0px;--awb-border-radius-bottom-right:0px;--awb-border-radius-bottom-left:0px;--awb-flex-wrap:wrap;" ><div class="fusion-builder-row fusion-row fusion-flex-align-items-flex-start fusion-flex-content-wrap" style="max-width:1040px;margin-left: calc(-4% / 2 );margin-right: calc(-4% / 2 );"><div class="fusion-layout-column fusion_builder_column fusion-builder-column-0 fusion_builder_column_1_1 1_1 fusion-flex-column" style="--awb-bg-size:cover;--awb-width-large:100%;--awb-margin-top-large:0px;--awb-spacing-right-large:1.92%;--awb-margin-bottom-large:20px;--awb-spacing-left-large:1.92%;--awb-width-medium:100%;--awb-order-medium:0;--awb-spacing-right-medium:1.92%;--awb-spacing-left-medium:1.92%;--awb-width-small:100%;--awb-order-small:0;--awb-spacing-right-small:1.92%;--awb-spacing-left-small:1.92%;"><div class="fusion-column-wrapper fusion-column-has-shadow fusion-flex-justify-content-flex-start fusion-content-layout-column"><div class="fusion-text fusion-text-1" style="--awb-text-transform:none;"><p><span style="font-weight: 400;">Suzanne Mirada Moubèche llegó a Colombia como voluntaria del servicio cívico francés. Está vinculada en el proyecto para la conservación del Bosque Seco Tropical en la costa caribe colombiana, específicamente en Ovejas, Sucre.</span></p>
<p><span style="font-weight: 400;">Su responsabilidad en campo estará enfocada al trabajo con las comunidades campesinas en el desarrollo de alternativas económicas a la deforestación, así como también en el desarrollo de oportunidades para la diversificación de las fuentes de ingresos de las actividades agrícolas, desde un enfoque de economía circular y la inclusión de las mujeres y los jóvenes.</span></p>
<p><span style="font-weight: 400;">Tiene un interés especial en sensibilizar sobre los retos de una agricultura sostenible para contribuir a la preservación del seco tropical colombiano.</span></p>
</div></div></div></div></div>

<p>Suzanne Mirada Moubèche llegó a Colombia como voluntaria del servicio cívico francés. Está vinculada en el proyecto para la conservación del Bosque Seco Tropical en la costa caribe colombiana, específicamente en Ovejas, Sucre.</p>
