{"id":33094,"date":"2020-12-09T14:54:41","date_gmt":"2020-12-09T13:54:41","guid":{"rendered":"https:\/\/bylandry.com\/envert-v2\/?post_type=produit&#038;p=33094"},"modified":"2025-12-20T22:45:44","modified_gmt":"2025-12-20T20:45:44","slug":"noyer-maya","status":"publish","type":"produit","link":"https:\/\/envol-vert.org\/es\/prod\/noyer-maya\/","title":{"rendered":"El gu\u00e1imaro"},"content":{"rendered":"<div class=\"fusion-fullwidth fullwidth-box fusion-builder-row-1 fusion-flex-container nonhundred-percent-fullwidth non-hundred-percent-height-scrolling\" style=\"--awb-border-radius-top-left:0px;--awb-border-radius-top-right:0px;--awb-border-radius-bottom-right:0px;--awb-border-radius-bottom-left:0px;--awb-flex-wrap:wrap;\" ><div class=\"fusion-builder-row fusion-row fusion-flex-align-items-flex-start fusion-flex-content-wrap\" style=\"max-width:1040px;margin-left: calc(-4% \/ 2 );margin-right: calc(-4% \/ 2 );\"><div class=\"fusion-layout-column fusion_builder_column fusion-builder-column-0 fusion_builder_column_1_1 1_1 fusion-flex-column\" style=\"--awb-bg-size:cover;--awb-width-large:100%;--awb-margin-top-large:0px;--awb-spacing-right-large:1.92%;--awb-margin-bottom-large:0px;--awb-spacing-left-large:1.92%;--awb-width-medium:100%;--awb-spacing-right-medium:1.92%;--awb-spacing-left-medium:1.92%;--awb-width-small:100%;--awb-spacing-right-small:1.92%;--awb-spacing-left-small:1.92%;\"><div class=\"fusion-column-wrapper fusion-flex-justify-content-flex-start fusion-content-layout-column\"><div class=\"fusion-text fusion-text-1\"><p>La nuez maya, tambi\u00e9n conocido como gu\u00e1imaro (<em>Brosimum alicastrum<\/em>), produce semillas comestibles abundantes con dos temporadas de cosecha al a\u00f1o. Aunque constituye uno de los alimentos m\u00e1s representativos de las culturas de Am\u00e9rica Central, en Colombia se realizan importantes esfuerzos para salvaguardar el conocimiento ancestral asociado a la preparaci\u00f3n de sus semillas y reintroducir su consumo en la alimentaci\u00f3n de las poblaciones locales.<\/p>\n<p>El gu\u00e1imaro presenta numerosos beneficios:<\/p>\n<\/div><ul style=\"--awb-iconcolor:#ea773d;--awb-line-height:23.8px;--awb-icon-width:23.8px;--awb-icon-height:23.8px;--awb-icon-margin:9.8px;--awb-content-margin:33.6px;\" class=\"fusion-checklist fusion-checklist-1 fusion-checklist-default type-icons\"><li class=\"fusion-li-item\" style=\"\"><span class=\"icon-wrapper circle-no\"><i class=\"fusion-li-icon fa-angle-right fas\" aria-hidden=\"true\"><\/i><\/span><div class=\"fusion-li-item-content\">El \u00e1rbol de gu\u00e1imaro es resistente a la sequ\u00eda, tiene la capacidad de fijar nutrientes en el suelo, fertilizarlo y protegerlo de la erosi\u00f3n.<\/div><\/li><li class=\"fusion-li-item\" style=\"\"><span class=\"icon-wrapper circle-no\"><i class=\"fusion-li-icon fa-angle-right fas\" aria-hidden=\"true\"><\/i><\/span><div class=\"fusion-li-item-content\">La fauna silvestre se beneficia de sus frutos que caen al suelo y de sus hojas ricas en nutrientes.<\/div><\/li><\/ul><div class=\"fusion-separator fusion-full-width-sep\" style=\"align-self: center;margin-left: auto;margin-right: auto;margin-top:3%;margin-bottom:3%;width:100%;\"><div class=\"fusion-separator-border sep-single sep-solid\" style=\"--awb-height:20px;--awb-amount:20px;border-color:#e0dede;border-top-width:0px;\"><\/div><\/div><div class=\"fusion-text fusion-text-2\"><p>\u00a1El gu\u00e1imaro tambi\u00e9n nos alimenta! Envol Vert ha realizado diversos an\u00e1lisis que demuestran que se trata de un valioso recurso nutricional. Sus semillas contienen:<\/p>\n<\/div><ul style=\"--awb-iconcolor:#ea773d;--awb-line-height:23.8px;--awb-icon-width:23.8px;--awb-icon-height:23.8px;--awb-icon-margin:9.8px;--awb-content-margin:33.6px;\" class=\"fusion-checklist fusion-checklist-2 fusion-checklist-default type-icons\"><li class=\"fusion-li-item\" style=\"\"><span class=\"icon-wrapper circle-no\"><i class=\"fusion-li-icon fa-angle-right fas\" aria-hidden=\"true\"><\/i><\/span><div class=\"fusion-li-item-content\">Altos niveles de amino\u00e1cidos, como el tript\u00f3fano, importantes para la regulaci\u00f3n del sue\u00f1o y las hormonas.<\/div><\/li><li class=\"fusion-li-item\" style=\"\"><span class=\"icon-wrapper circle-no\"><i class=\"fusion-li-icon fa-angle-right fas\" aria-hidden=\"true\"><\/i><\/span><div class=\"fusion-li-item-content\">Fibra, que contribuye al buen funcionamiento del sistema digestivo.<\/div><\/li><li class=\"fusion-li-item\" style=\"\"><span class=\"icon-wrapper circle-no\"><i class=\"fusion-li-icon fa-angle-right fas\" aria-hidden=\"true\"><\/i><\/span><div class=\"fusion-li-item-content\">Calcio, potasio y hierro.<\/div><\/li><li class=\"fusion-li-item\" style=\"\"><span class=\"icon-wrapper circle-no\"><i class=\"fusion-li-icon fa-angle-right fas\" aria-hidden=\"true\"><\/i><\/span><div class=\"fusion-li-item-content\">Entre un 15 % y un 20 % de prote\u00ednas.<\/div><\/li><\/ul><div class=\"fusion-separator fusion-full-width-sep\" style=\"align-self: center;margin-left: auto;margin-right: auto;margin-top:3%;margin-bottom:3%;width:100%;\"><div class=\"fusion-separator-border sep-single sep-solid\" style=\"--awb-height:20px;--awb-amount:20px;border-color:#e0dede;border-top-width:0px;\"><\/div><\/div><div class=\"fusion-text fusion-text-3\"><p>Adem\u00e1s, posee un sabor similar al del caf\u00e9 y el chocolate, y se han identificado numerosas recetas gracias a alianzas con varios chefs en Colombia.<\/p>\n<p>Envol Vert acompa\u00f1a a las comunidades en la transformaci\u00f3n de las semillas de gu\u00e1imaro mediante su secado y tostado, para obtener un polvo que puede utilizarse como harina o en infusi\u00f3n. A partir de este polvo, las comunidades tambi\u00e9n elaboran el \u201cdulce de gu\u00e1imaro\u201d, una pasta para untar preparada con polvo de gu\u00e1imaro, \u00f1ame, leche, az\u00facar, clavos de olor y canela.<\/p>\n<h2>M\u00e1s informaci\u00f3n<\/h2>\n<\/div><\/div><\/div><div class=\"fusion-layout-column fusion_builder_column fusion-builder-column-1 fusion_builder_column_1_2 1_2 fusion-flex-column\" style=\"--awb-bg-size:cover;--awb-width-large:50%;--awb-margin-top-large:0px;--awb-spacing-right-large:3.84%;--awb-margin-bottom-large:20px;--awb-spacing-left-large:3.84%;--awb-width-medium:100%;--awb-order-medium:0;--awb-spacing-right-medium:1.92%;--awb-spacing-left-medium:1.92%;--awb-width-small:100%;--awb-order-small:0;--awb-spacing-right-small:1.92%;--awb-spacing-left-small:1.92%;\"><div class=\"fusion-column-wrapper fusion-column-has-shadow fusion-flex-justify-content-flex-start fusion-content-layout-column\"><div class=\"fusion-video fusion-youtube\" style=\"--awb-max-width:600px;--awb-max-height:350px;\"><div class=\"video-shortcode\"><div class=\"fluid-width-video-wrapper\" style=\"padding-top:58.33%;\" ><iframe title=\"YouTube video player 1\" src=\"https:\/\/www.youtube.com\/embed\/ieRkIax1U5s?wmode=transparent&autoplay=0\" width=\"600\" height=\"350\" allowfullscreen allow=\"autoplay; clipboard-write; encrypted-media; gyroscope; picture-in-picture;\"><\/iframe><\/div><\/div><\/div><\/div><\/div><div class=\"fusion-layout-column fusion_builder_column fusion-builder-column-2 fusion_builder_column_1_2 1_2 fusion-flex-column\" style=\"--awb-bg-size:cover;--awb-width-large:50%;--awb-margin-top-large:0px;--awb-spacing-right-large:3.84%;--awb-margin-bottom-large:20px;--awb-spacing-left-large:3.84%;--awb-width-medium:100%;--awb-order-medium:0;--awb-spacing-right-medium:1.92%;--awb-spacing-left-medium:1.92%;--awb-width-small:100%;--awb-order-small:0;--awb-spacing-right-small:1.92%;--awb-spacing-left-small:1.92%;\"><div class=\"fusion-column-wrapper fusion-column-has-shadow fusion-flex-justify-content-flex-start fusion-content-layout-column\"><div ><a class=\"fusion-button button-flat fusion-button-default-size button-default fusion-button-default button-1 fusion-button-default-span fusion-button-default-type\" style=\"--button_margin-top:2%;--button_margin-bottom:4%;\" target=\"_blank\" rel=\"noopener noreferrer\" href=\"https:\/\/news.mongabay.com\/2023\/01\/colombias-tree-of-life-births-a-new-culinary-and-conservation-movement\/\"><i class=\"fa-search-plus fas awb-button__icon awb-button__icon--default button-icon-left\" aria-hidden=\"true\"><\/i><span class=\"fusion-button-text awb-button__text awb-button__text--default\">\u201cColombia\u2019s \u2018tree of life\u2019 births a new culinary and conservation movement\u201d, Mongabay, 2023<\/span><\/a><\/div><div ><a class=\"fusion-button button-flat fusion-button-default-size button-default fusion-button-default button-2 fusion-button-default-span fusion-button-default-type\" style=\"--button_margin-top:2%;--button_margin-bottom:4%;\" target=\"_blank\" rel=\"noopener noreferrer\" href=\"https:\/\/www.sciencesetavenir.fr\/nature-environnement\/le-guaimaro-un-arbre-magique-protecteur-de-la-planete_122152\"><i class=\"fa-search-plus fas awb-button__icon awb-button__icon--default button-icon-left\" aria-hidden=\"true\"><\/i><span class=\"fusion-button-text awb-button__text awb-button__text--default\">El gu\u00e1imaro, un \u201c\u00e1rbol m\u00e1gico\u201d protector del planeta, Science et Avenir, 2018<\/span><\/a><\/div><\/div><\/div><\/div><\/div>\n","protected":false},"featured_media":54546,"parent":0,"template":"","prod_category":[1430],"class_list":["post-33094","produit","type-produit","status-publish","has-post-thumbnail","hentry","prod_category-programa-bosques-secos"],"_links":{"self":[{"href":"https:\/\/envol-vert.org\/es\/wp-json\/wp\/v2\/produit\/33094","targetHints":{"allow":["GET"]}}],"collection":[{"href":"https:\/\/envol-vert.org\/es\/wp-json\/wp\/v2\/produit"}],"about":[{"href":"https:\/\/envol-vert.org\/es\/wp-json\/wp\/v2\/types\/produit"}],"wp:featuredmedia":[{"embeddable":true,"href":"https:\/\/envol-vert.org\/es\/wp-json\/wp\/v2\/media\/54546"}],"wp:attachment":[{"href":"https:\/\/envol-vert.org\/es\/wp-json\/wp\/v2\/media?parent=33094"}],"wp:term":[{"taxonomy":"prod_category","embeddable":true,"href":"https:\/\/envol-vert.org\/es\/wp-json\/wp\/v2\/prod_category?post=33094"}],"curies":[{"name":"wp","href":"https:\/\/api.w.org\/{rel}","templated":true}]}}

El guáimaro

<div class="fusion-fullwidth fullwidth-box fusion-builder-row-1 fusion-flex-container nonhundred-percent-fullwidth non-hundred-percent-height-scrolling" style="--awb-border-radius-top-left:0px;--awb-border-radius-top-right:0px;--awb-border-radius-bottom-right:0px;--awb-border-radius-bottom-left:0px;--awb-flex-wrap:wrap;" ><div class="fusion-builder-row fusion-row fusion-flex-align-items-flex-start fusion-flex-content-wrap" style="max-width:1040px;margin-left: calc(-4% / 2 );margin-right: calc(-4% / 2 );"><div class="fusion-layout-column fusion_builder_column fusion-builder-column-0 fusion_builder_column_1_1 1_1 fusion-flex-column" style="--awb-bg-size:cover;--awb-width-large:100%;--awb-margin-top-large:0px;--awb-spacing-right-large:1.92%;--awb-margin-bottom-large:0px;--awb-spacing-left-large:1.92%;--awb-width-medium:100%;--awb-spacing-right-medium:1.92%;--awb-spacing-left-medium:1.92%;--awb-width-small:100%;--awb-spacing-right-small:1.92%;--awb-spacing-left-small:1.92%;"><div class="fusion-column-wrapper fusion-flex-justify-content-flex-start fusion-content-layout-column"><div class="fusion-text fusion-text-1"><p>La nuez maya, también conocido como guáimaro (<em>Brosimum alicastrum</em>), produce semillas comestibles abundantes con dos temporadas de cosecha al año. Aunque constituye uno de los alimentos más representativos de las culturas de América Central, en Colombia se realizan importantes esfuerzos para salvaguardar el conocimiento ancestral asociado a la preparación de sus semillas y reintroducir su consumo en la alimentación de las poblaciones locales.</p>
<p>El guáimaro presenta numerosos beneficios:</p>
</div><ul style="--awb-iconcolor:#ea773d;--awb-line-height:23.8px;--awb-icon-width:23.8px;--awb-icon-height:23.8px;--awb-icon-margin:9.8px;--awb-content-margin:33.6px;" class="fusion-checklist fusion-checklist-1 fusion-checklist-default type-icons"><li class="fusion-li-item" style=""><span class="icon-wrapper circle-no"><i class="fusion-li-icon fa-angle-right fas" aria-hidden="true"></i></span><div class="fusion-li-item-content">El árbol de guáimaro es resistente a la sequía, tiene la capacidad de fijar nutrientes en el suelo, fertilizarlo y protegerlo de la erosión.</div></li><li class="fusion-li-item" style=""><span class="icon-wrapper circle-no"><i class="fusion-li-icon fa-angle-right fas" aria-hidden="true"></i></span><div class="fusion-li-item-content">La fauna silvestre se beneficia de sus frutos que caen al suelo y de sus hojas ricas en nutrientes.</div></li></ul><div class="fusion-separator fusion-full-width-sep" style="align-self: center;margin-left: auto;margin-right: auto;margin-top:3%;margin-bottom:3%;width:100%;"><div class="fusion-separator-border sep-single sep-solid" style="--awb-height:20px;--awb-amount:20px;border-color:#e0dede;border-top-width:0px;"></div></div><div class="fusion-text fusion-text-2"><p>¡El guáimaro también nos alimenta! Envol Vert ha realizado diversos análisis que demuestran que se trata de un valioso recurso nutricional. Sus semillas contienen:</p>
</div><ul style="--awb-iconcolor:#ea773d;--awb-line-height:23.8px;--awb-icon-width:23.8px;--awb-icon-height:23.8px;--awb-icon-margin:9.8px;--awb-content-margin:33.6px;" class="fusion-checklist fusion-checklist-2 fusion-checklist-default type-icons"><li class="fusion-li-item" style=""><span class="icon-wrapper circle-no"><i class="fusion-li-icon fa-angle-right fas" aria-hidden="true"></i></span><div class="fusion-li-item-content">Altos niveles de aminoácidos, como el triptófano, importantes para la regulación del sueño y las hormonas.</div></li><li class="fusion-li-item" style=""><span class="icon-wrapper circle-no"><i class="fusion-li-icon fa-angle-right fas" aria-hidden="true"></i></span><div class="fusion-li-item-content">Fibra, que contribuye al buen funcionamiento del sistema digestivo.</div></li><li class="fusion-li-item" style=""><span class="icon-wrapper circle-no"><i class="fusion-li-icon fa-angle-right fas" aria-hidden="true"></i></span><div class="fusion-li-item-content">Calcio, potasio y hierro.</div></li><li class="fusion-li-item" style=""><span class="icon-wrapper circle-no"><i class="fusion-li-icon fa-angle-right fas" aria-hidden="true"></i></span><div class="fusion-li-item-content">Entre un 15 % y un 20 % de proteínas.</div></li></ul><div class="fusion-separator fusion-full-width-sep" style="align-self: center;margin-left: auto;margin-right: auto;margin-top:3%;margin-bottom:3%;width:100%;"><div class="fusion-separator-border sep-single sep-solid" style="--awb-height:20px;--awb-amount:20px;border-color:#e0dede;border-top-width:0px;"></div></div><div class="fusion-text fusion-text-3"><p>Además, posee un sabor similar al del café y el chocolate, y se han identificado numerosas recetas gracias a alianzas con varios chefs en Colombia.</p>
<p>Envol Vert acompaña a las comunidades en la transformación de las semillas de guáimaro mediante su secado y tostado, para obtener un polvo que puede utilizarse como harina o en infusión. A partir de este polvo, las comunidades también elaboran el “dulce de guáimaro”, una pasta para untar preparada con polvo de guáimaro, ñame, leche, azúcar, clavos de olor y canela.</p>
<h2>Más información</h2>
</div></div></div><div class="fusion-layout-column fusion_builder_column fusion-builder-column-1 fusion_builder_column_1_2 1_2 fusion-flex-column" style="--awb-bg-size:cover;--awb-width-large:50%;--awb-margin-top-large:0px;--awb-spacing-right-large:3.84%;--awb-margin-bottom-large:20px;--awb-spacing-left-large:3.84%;--awb-width-medium:100%;--awb-order-medium:0;--awb-spacing-right-medium:1.92%;--awb-spacing-left-medium:1.92%;--awb-width-small:100%;--awb-order-small:0;--awb-spacing-right-small:1.92%;--awb-spacing-left-small:1.92%;"><div class="fusion-column-wrapper fusion-column-has-shadow fusion-flex-justify-content-flex-start fusion-content-layout-column"><div class="fusion-video fusion-youtube" style="--awb-max-width:600px;--awb-max-height:350px;"><div class="video-shortcode"><div class="fluid-width-video-wrapper" style="padding-top:58.33%;" ><iframe title="YouTube video player 1" src="https://www.youtube.com/embed/ieRkIax1U5s?wmode=transparent&autoplay=0" width="600" height="350" allowfullscreen allow="autoplay; clipboard-write; encrypted-media; gyroscope; picture-in-picture;"></iframe></div></div></div></div></div><div class="fusion-layout-column fusion_builder_column fusion-builder-column-2 fusion_builder_column_1_2 1_2 fusion-flex-column" style="--awb-bg-size:cover;--awb-width-large:50%;--awb-margin-top-large:0px;--awb-spacing-right-large:3.84%;--awb-margin-bottom-large:20px;--awb-spacing-left-large:3.84%;--awb-width-medium:100%;--awb-order-medium:0;--awb-spacing-right-medium:1.92%;--awb-spacing-left-medium:1.92%;--awb-width-small:100%;--awb-order-small:0;--awb-spacing-right-small:1.92%;--awb-spacing-left-small:1.92%;"><div class="fusion-column-wrapper fusion-column-has-shadow fusion-flex-justify-content-flex-start fusion-content-layout-column"><div ><a class="fusion-button button-flat fusion-button-default-size button-default fusion-button-default button-1 fusion-button-default-span fusion-button-default-type" style="--button_margin-top:2%;--button_margin-bottom:4%;" target="_blank" rel="noopener noreferrer" href="https://news.mongabay.com/2023/01/colombias-tree-of-life-births-a-new-culinary-and-conservation-movement/"><i class="fa-search-plus fas awb-button__icon awb-button__icon--default button-icon-left" aria-hidden="true"></i><span class="fusion-button-text awb-button__text awb-button__text--default">“Colombia’s ‘tree of life’ births a new culinary and conservation movement”, Mongabay, 2023</span></a></div><div ><a class="fusion-button button-flat fusion-button-default-size button-default fusion-button-default button-2 fusion-button-default-span fusion-button-default-type" style="--button_margin-top:2%;--button_margin-bottom:4%;" target="_blank" rel="noopener noreferrer" href="https://www.sciencesetavenir.fr/nature-environnement/le-guaimaro-un-arbre-magique-protecteur-de-la-planete_122152"><i class="fa-search-plus fas awb-button__icon awb-button__icon--default button-icon-left" aria-hidden="true"></i><span class="fusion-button-text awb-button__text awb-button__text--default">El guáimaro, un “árbol mágico” protector del planeta, Science et Avenir, 2018</span></a></div></div></div></div></div>
