{"id":14000,"date":"2016-05-23T22:45:21","date_gmt":"2016-05-23T21:45:21","guid":{"rendered":"http:\/\/envol-vert.org\/?p=14000"},"modified":"2023-04-09T17:50:59","modified_gmt":"2023-04-09T15:50:59","slug":"informe-de-actividades-2015","status":"publish","type":"rapport","link":"https:\/\/envol-vert.org\/es\/informe\/informe-de-actividades-2015\/","title":{"rendered":"Informe de Actividades 2015"},"content":{"rendered":"<div class=\"fusion-fullwidth fullwidth-box fusion-builder-row-1 nonhundred-percent-fullwidth non-hundred-percent-height-scrolling\" style=\"--awb-border-radius-top-left:0px;--awb-border-radius-top-right:0px;--awb-border-radius-bottom-right:0px;--awb-border-radius-bottom-left:0px;--awb-flex-wrap:wrap;\" ><div class=\"fusion-builder-row fusion-row\"><div class=\"fusion-layout-column fusion_builder_column fusion-builder-column-0 fusion_builder_column_1_1 1_1 fusion-one-full fusion-column-first fusion-column-last\" style=\"--awb-bg-size:cover;--awb-margin-bottom:0px;\"><div class=\"fusion-column-wrapper fusion-flex-column-wrapper-legacy\"><div class=\"fusion-button-wrapper\"><a class=\"fusion-button button-flat fusion-button-default-size button-default fusion-button-default button-1 fusion-button-default-span fusion-button-default-type\" style=\"--button_margin-top:2%;--button_margin-bottom:4%;\" target=\"_blank\" rel=\"noopener noreferrer\" href=\"http:\/\/envol-vert.org\/wp-content\/uploads\/2016\/05\/rapport_activite_2015_es.pdf\"><i class=\"fa-arrow-circle-down fas awb-button__icon awb-button__icon--default button-icon-left\" aria-hidden=\"true\"><\/i><span class=\"fusion-button-text awb-button__text awb-button__text--default\">Descargar el informe<\/span><\/a><\/div><div class=\"fusion-text fusion-text-1\"><h3><b>2015, el a\u00f1o de la COP21\u00a0<\/b><\/h3>\n<p><span style=\"font-weight: 400;\">El acuerdo firmado en la ocasi\u00f3n del evento tan esperado no se est\u00e1 dedicando de manera suficiente a la lucha en contra de la deforestaci\u00f3n, a pesar del impacto importante que tiene este fen\u00f3meno sobre las emisiones de gases de efecto invernadero. Esto confirma la necesidad de la implicaci\u00f3n de Envol Vert en Am\u00e9rica Latina y en Francia, acompa\u00f1ando a las iniciativas locales de la sociedad civil.\u00a0<\/span><\/p>\n<h3><b>2015, luchas mayores y acciones de campo apasionantes y complejas\u00a0<\/b><\/h3>\n<p><span style=\"font-weight: 400;\">El informe de actividades 2015 examina las acciones de la asociaci\u00f3n. En particular, Envol Vert se involucr\u00f3 en luchas mayores como la del Canal de Nicaragua o los incendios forestales en Indonesia. En 2015, Envol Vert multiplic\u00f3 sus acciones de campo, innovando con creatividad frente a restricciones clim\u00e1ticas extremas. <\/span><\/p>\n<\/div><div class=\"fusion-button-wrapper\"><a class=\"fusion-button button-flat fusion-button-default-size button-default fusion-button-default button-2 fusion-button-default-span fusion-button-default-type\" style=\"--button_margin-top:2%;--button_margin-bottom:4%;\" target=\"_blank\" rel=\"noopener noreferrer\" href=\"http:\/\/envol-vert.org\/wp-content\/uploads\/2016\/05\/rapport_activite_2015_es.pdf\"><i class=\"fa-arrow-circle-down fas awb-button__icon awb-button__icon--default button-icon-left\" aria-hidden=\"true\"><\/i><span class=\"fusion-button-text awb-button__text awb-button__text--default\">Descargar el informe<\/span><\/a><\/div><div class=\"fusion-clearfix\"><\/div><\/div><\/div><\/div><\/div>\n","protected":false},"featured_media":14002,"template":"","rapport_category":[1454,1662,1949],"class_list":["post-14000","rapport","type-rapport","status-publish","has-post-thumbnail","hentry","rapport_category-2015-es","rapport_category-actualidades-generales","rapport_category-informe-de-actividades"],"_links":{"self":[{"href":"https:\/\/envol-vert.org\/es\/wp-json\/wp\/v2\/rapport\/14000","targetHints":{"allow":["GET"]}}],"collection":[{"href":"https:\/\/envol-vert.org\/es\/wp-json\/wp\/v2\/rapport"}],"about":[{"href":"https:\/\/envol-vert.org\/es\/wp-json\/wp\/v2\/types\/rapport"}],"wp:featuredmedia":[{"embeddable":true,"href":"https:\/\/envol-vert.org\/es\/wp-json\/wp\/v2\/media\/14002"}],"wp:attachment":[{"href":"https:\/\/envol-vert.org\/es\/wp-json\/wp\/v2\/media?parent=14000"}],"wp:term":[{"taxonomy":"rapport_category","embeddable":true,"href":"https:\/\/envol-vert.org\/es\/wp-json\/wp\/v2\/rapport_category?post=14000"}],"curies":[{"name":"wp","href":"https:\/\/api.w.org\/{rel}","templated":true}]}}

<div class="fusion-fullwidth fullwidth-box fusion-builder-row-1 nonhundred-percent-fullwidth non-hundred-percent-height-scrolling" style="--awb-border-radius-top-left:0px;--awb-border-radius-top-right:0px;--awb-border-radius-bottom-right:0px;--awb-border-radius-bottom-left:0px;--awb-flex-wrap:wrap;" ><div class="fusion-builder-row fusion-row"><div class="fusion-layout-column fusion_builder_column fusion-builder-column-0 fusion_builder_column_1_1 1_1 fusion-one-full fusion-column-first fusion-column-last" style="--awb-bg-size:cover;--awb-margin-bottom:0px;"><div class="fusion-column-wrapper fusion-flex-column-wrapper-legacy"><div class="fusion-button-wrapper"><a class="fusion-button button-flat fusion-button-default-size button-default fusion-button-default button-1 fusion-button-default-span fusion-button-default-type" style="--button_margin-top:2%;--button_margin-bottom:4%;" target="_blank" rel="noopener noreferrer" href="http://envol-vert.org/wp-content/uploads/2016/05/rapport_activite_2015_es.pdf"><i class="fa-arrow-circle-down fas awb-button__icon awb-button__icon--default button-icon-left" aria-hidden="true"></i><span class="fusion-button-text awb-button__text awb-button__text--default">Descargar el informe</span></a></div><div class="fusion-text fusion-text-1"><h3><b>2015, el año de la COP21 </b></h3>
<p><span style="font-weight: 400;">El acuerdo firmado en la ocasión del evento tan esperado no se está dedicando de manera suficiente a la lucha en contra de la deforestación, a pesar del impacto importante que tiene este fenómeno sobre las emisiones de gases de efecto invernadero. Esto confirma la necesidad de la implicación de Envol Vert en América Latina y en Francia, acompañando a las iniciativas locales de la sociedad civil. </span></p>
<h3><b>2015, luchas mayores y acciones de campo apasionantes y complejas </b></h3>
<p><span style="font-weight: 400;">El informe de actividades 2015 examina las acciones de la asociación. En particular, Envol Vert se involucró en luchas mayores como la del Canal de Nicaragua o los incendios forestales en Indonesia. En 2015, Envol Vert multiplicó sus acciones de campo, innovando con creatividad frente a restricciones climáticas extremas. </span></p>
</div><div class="fusion-button-wrapper"><a class="fusion-button button-flat fusion-button-default-size button-default fusion-button-default button-2 fusion-button-default-span fusion-button-default-type" style="--button_margin-top:2%;--button_margin-bottom:4%;" target="_blank" rel="noopener noreferrer" href="http://envol-vert.org/wp-content/uploads/2016/05/rapport_activite_2015_es.pdf"><i class="fa-arrow-circle-down fas awb-button__icon awb-button__icon--default button-icon-left" aria-hidden="true"></i><span class="fusion-button-text awb-button__text awb-button__text--default">Descargar el informe</span></a></div><div class="fusion-clearfix"></div></div></div></div></div>
