{"id":33138,"date":"2018-07-13T20:12:36","date_gmt":"2018-07-13T19:12:36","guid":{"rendered":"https:\/\/bylandry.com\/envert-v2\/?post_type=rapport&#038;p=33138"},"modified":"2023-04-09T17:50:57","modified_gmt":"2023-04-09T15:50:57","slug":"informe-de-actividades-envol-vert-2017","status":"publish","type":"rapport","link":"https:\/\/envol-vert.org\/es\/informe\/informe-de-actividades-envol-vert-2017\/","title":{"rendered":"Informe de actividades Envol Vert 2017"},"content":{"rendered":"<div class=\"fusion-fullwidth fullwidth-box fusion-builder-row-1 nonhundred-percent-fullwidth non-hundred-percent-height-scrolling\" style=\"--awb-border-radius-top-left:0px;--awb-border-radius-top-right:0px;--awb-border-radius-bottom-right:0px;--awb-border-radius-bottom-left:0px;--awb-flex-wrap:wrap;\" ><div class=\"fusion-builder-row fusion-row\"><div class=\"fusion-layout-column fusion_builder_column fusion-builder-column-0 fusion_builder_column_1_1 1_1 fusion-one-full fusion-column-first fusion-column-last\" style=\"--awb-bg-size:cover;--awb-margin-bottom:0px;\"><div class=\"fusion-column-wrapper fusion-flex-column-wrapper-legacy\"><div class=\"fusion-button-wrapper\"><a class=\"fusion-button button-flat fusion-button-default-size button-default fusion-button-default button-1 fusion-button-default-span fusion-button-default-type\" style=\"--button_margin-bottom:2%;\" target=\"_blank\" rel=\"noopener noreferrer\" href=\"http:\/\/envol-vert.org\/wp-content\/uploads\/2018\/07\/EV_Informe-de-actividad_2018.pdf\"><i class=\"fa-arrow-circle-down fas awb-button__icon awb-button__icon--default button-icon-left\" aria-hidden=\"true\"><\/i><span class=\"fusion-button-text awb-button__text awb-button__text--default\">Descargar el informe<\/span><\/a><\/div><div class=\"fusion-text fusion-text-1\"><p style=\"text-align: justify;\">El a\u00f1o 2017 estuvo marcado por el incremento de las desigualdades en el mundo, por la aceleraci\u00f3n constante de cat\u00e1strofes naturales relacionadas al cambio clim\u00e1tico, o bien por aquella voluntad resuelta de agotar los recursos naturales de nuestro planeta, sin embargo, fue un a\u00f1o importante en la intensificaci\u00f3n de acciones de solidaridad y en la gran cantidad de proyectos dirigidos a mejorar la convivencia del hombre con la naturaleza.<\/p>\n<div style=\"text-align: justify;\">\n<p>En este contexto, este a\u00f1o Envol Vert se esforz\u00f3 en consolidar sus proyectos en el terreno haciendo \u00e9nfasis en su filosof\u00eda y sus valores. A trav\u00e9s del acompa\u00f1amiento a las poblaciones locales y con la finalidad de que \u00e9stas aprovechen los bosques conviviendo en harmon\u00eda con ellos, Envol Vert promueve el bosque como una fuente de subsistencia durable y de riqueza espiritual. El 2017 fue tambi\u00e9n el a\u00f1o del lanzamiento de un nuevo proyecto en Francia. En plena Occitania, a las fronteras del Alto-Languedoc, el proyecto de permacultura y agroforester\u00eda de la finca de los Cabrols tiene como finalidad convertirse en el proyecto espejo de la asociaci\u00f3n en Francia: espejo del conocimiento y experiencia suramericanos, as\u00ed como de los m\u00e9todos participativos y comunitarios.<\/p>\n<\/div>\n<div style=\"text-align: justify;\">En Colombia, con la cuarta edici\u00f3n del Festival Colombiodiversidad y el lanzamiento del Blog del Pacto por la Biodiversidad, se logr\u00f3 una mayor concientizaci\u00f3n sobre la excepcionalidad e importancia del patrimonio de biodiversidad que posee el pa\u00eds. Pero de manera general, Envol Vert enfatiz\u00f3 sus acciones de concientizaci\u00f3n en las comunidades y entre los j\u00f3venes donde se llevan a cabo sus proyectos. Algunas de las intervenciones permitieron intercambios entre campesinos como en el caso de Pichanaki, Per\u00fa, entre 13 viveros, o como durante la primera edici\u00f3n del festival de Noyer Maya que se caracteriz\u00f3 por su gran \u00e9xito e inversi\u00f3n.<\/div>\n<div style=\"text-align: justify;\"><\/div>\n<div style=\"text-align: justify;\">Para el a\u00f1o 2018, Envol Vert desea reforzar la capacidad de sus acciones en campo y, para esto, es necesario encontrar nuevas fuentes de financiaci\u00f3n. Ahora m\u00e1s que nunca, la asociaci\u00f3n aspira a convertirse en un actor imprescindible en la lucha contra la deforestaci\u00f3n y un puente entre Am\u00e9rica del Sur y Francia a trav\u00e9s de la reformulaci\u00f3n de su estrategia, su organizaci\u00f3n, y a trav\u00e9s de la movilizaci\u00f3n de nuevas fuentes de ingreso como la creaci\u00f3n de las Vacaciones Solidarias o de consultor\u00edas en apoyo a proyectos.<b><br \/>\n<\/b><\/div>\n<div style=\"text-align: justify;\"><\/div>\n<\/div><div class=\"fusion-button-wrapper\"><a class=\"fusion-button button-flat fusion-button-default-size button-default fusion-button-default button-2 fusion-button-default-span fusion-button-default-type\" style=\"--button_margin-top:2%;--button_margin-bottom:4%;\" target=\"_blank\" rel=\"noopener noreferrer\" href=\"http:\/\/envol-vert.org\/wp-content\/uploads\/2018\/07\/EV_Informe-de-actividad_2018.pdf\"><i class=\"fa-arrow-circle-down fas awb-button__icon awb-button__icon--default button-icon-left\" aria-hidden=\"true\"><\/i><span class=\"fusion-button-text awb-button__text awb-button__text--default\">Descargar el informe<\/span><\/a><\/div><div class=\"fusion-clearfix\"><\/div><\/div><\/div><\/div><\/div>\n","protected":false},"featured_media":33141,"template":"","rapport_category":[1458,1662,1949],"class_list":["post-33138","rapport","type-rapport","status-publish","has-post-thumbnail","hentry","rapport_category-2017-es","rapport_category-actualidades-generales","rapport_category-informe-de-actividades"],"_links":{"self":[{"href":"https:\/\/envol-vert.org\/es\/wp-json\/wp\/v2\/rapport\/33138","targetHints":{"allow":["GET"]}}],"collection":[{"href":"https:\/\/envol-vert.org\/es\/wp-json\/wp\/v2\/rapport"}],"about":[{"href":"https:\/\/envol-vert.org\/es\/wp-json\/wp\/v2\/types\/rapport"}],"wp:featuredmedia":[{"embeddable":true,"href":"https:\/\/envol-vert.org\/es\/wp-json\/wp\/v2\/media\/33141"}],"wp:attachment":[{"href":"https:\/\/envol-vert.org\/es\/wp-json\/wp\/v2\/media?parent=33138"}],"wp:term":[{"taxonomy":"rapport_category","embeddable":true,"href":"https:\/\/envol-vert.org\/es\/wp-json\/wp\/v2\/rapport_category?post=33138"}],"curies":[{"name":"wp","href":"https:\/\/api.w.org\/{rel}","templated":true}]}}

<div class="fusion-fullwidth fullwidth-box fusion-builder-row-1 nonhundred-percent-fullwidth non-hundred-percent-height-scrolling" style="--awb-border-radius-top-left:0px;--awb-border-radius-top-right:0px;--awb-border-radius-bottom-right:0px;--awb-border-radius-bottom-left:0px;--awb-flex-wrap:wrap;" ><div class="fusion-builder-row fusion-row"><div class="fusion-layout-column fusion_builder_column fusion-builder-column-0 fusion_builder_column_1_1 1_1 fusion-one-full fusion-column-first fusion-column-last" style="--awb-bg-size:cover;--awb-margin-bottom:0px;"><div class="fusion-column-wrapper fusion-flex-column-wrapper-legacy"><div class="fusion-button-wrapper"><a class="fusion-button button-flat fusion-button-default-size button-default fusion-button-default button-1 fusion-button-default-span fusion-button-default-type" style="--button_margin-bottom:2%;" target="_blank" rel="noopener noreferrer" href="http://envol-vert.org/wp-content/uploads/2018/07/EV_Informe-de-actividad_2018.pdf"><i class="fa-arrow-circle-down fas awb-button__icon awb-button__icon--default button-icon-left" aria-hidden="true"></i><span class="fusion-button-text awb-button__text awb-button__text--default">Descargar el informe</span></a></div><div class="fusion-text fusion-text-1"><p style="text-align: justify;">El año 2017 estuvo marcado por el incremento de las desigualdades en el mundo, por la aceleración constante de catástrofes naturales relacionadas al cambio climático, o bien por aquella voluntad resuelta de agotar los recursos naturales de nuestro planeta, sin embargo, fue un año importante en la intensificación de acciones de solidaridad y en la gran cantidad de proyectos dirigidos a mejorar la convivencia del hombre con la naturaleza.</p>
<div style="text-align: justify;">
<p>En este contexto, este año Envol Vert se esforzó en consolidar sus proyectos en el terreno haciendo énfasis en su filosofía y sus valores. A través del acompañamiento a las poblaciones locales y con la finalidad de que éstas aprovechen los bosques conviviendo en harmonía con ellos, Envol Vert promueve el bosque como una fuente de subsistencia durable y de riqueza espiritual. El 2017 fue también el año del lanzamiento de un nuevo proyecto en Francia. En plena Occitania, a las fronteras del Alto-Languedoc, el proyecto de permacultura y agroforestería de la finca de los Cabrols tiene como finalidad convertirse en el proyecto espejo de la asociación en Francia: espejo del conocimiento y experiencia suramericanos, así como de los métodos participativos y comunitarios.</p>
</div>
<div style="text-align: justify;">En Colombia, con la cuarta edición del Festival Colombiodiversidad y el lanzamiento del Blog del Pacto por la Biodiversidad, se logró una mayor concientización sobre la excepcionalidad e importancia del patrimonio de biodiversidad que posee el país. Pero de manera general, Envol Vert enfatizó sus acciones de concientización en las comunidades y entre los jóvenes donde se llevan a cabo sus proyectos. Algunas de las intervenciones permitieron intercambios entre campesinos como en el caso de Pichanaki, Perú, entre 13 viveros, o como durante la primera edición del festival de Noyer Maya que se caracterizó por su gran éxito e inversión.</div>
<div style="text-align: justify;"></div>
<div style="text-align: justify;">Para el año 2018, Envol Vert desea reforzar la capacidad de sus acciones en campo y, para esto, es necesario encontrar nuevas fuentes de financiación. Ahora más que nunca, la asociación aspira a convertirse en un actor imprescindible en la lucha contra la deforestación y un puente entre América del Sur y Francia a través de la reformulación de su estrategia, su organización, y a través de la movilización de nuevas fuentes de ingreso como la creación de las Vacaciones Solidarias o de consultorías en apoyo a proyectos.<b><br />
</b></div>
<div style="text-align: justify;"></div>
</div><div class="fusion-button-wrapper"><a class="fusion-button button-flat fusion-button-default-size button-default fusion-button-default button-2 fusion-button-default-span fusion-button-default-type" style="--button_margin-top:2%;--button_margin-bottom:4%;" target="_blank" rel="noopener noreferrer" href="http://envol-vert.org/wp-content/uploads/2018/07/EV_Informe-de-actividad_2018.pdf"><i class="fa-arrow-circle-down fas awb-button__icon awb-button__icon--default button-icon-left" aria-hidden="true"></i><span class="fusion-button-text awb-button__text awb-button__text--default">Descargar el informe</span></a></div><div class="fusion-clearfix"></div></div></div></div></div>
