{"id":7084,"date":"2014-01-17T11:05:41","date_gmt":"2014-01-17T09:05:41","guid":{"rendered":"http:\/\/envol-vert.org\/?p=7084"},"modified":"2023-04-09T17:52:41","modified_gmt":"2023-04-09T15:52:41","slug":"el-cuero-erosiona-el-bosque","status":"publish","type":"rapport","link":"https:\/\/envol-vert.org\/es\/informe\/el-cuero-erosiona-el-bosque\/","title":{"rendered":"Informe &#8211; El cuero da\u00f1a el bosque"},"content":{"rendered":"<div class=\"fusion-fullwidth fullwidth-box fusion-builder-row-1 nonhundred-percent-fullwidth non-hundred-percent-height-scrolling\" style=\"--awb-border-radius-top-left:0px;--awb-border-radius-top-right:0px;--awb-border-radius-bottom-right:0px;--awb-border-radius-bottom-left:0px;--awb-flex-wrap:wrap;\" ><div class=\"fusion-builder-row fusion-row\"><div class=\"fusion-layout-column fusion_builder_column fusion-builder-column-0 fusion_builder_column_1_1 1_1 fusion-one-full fusion-column-first fusion-column-last\" style=\"--awb-bg-size:cover;--awb-margin-bottom:0px;\"><div class=\"fusion-column-wrapper fusion-flex-column-wrapper-legacy\"><div class=\"fusion-button-wrapper\"><a class=\"fusion-button button-flat fusion-button-default-size button-default fusion-button-default button-1 fusion-button-default-span fusion-button-default-type\" style=\"--button_margin-top:2%;--button_margin-bottom:4%;\" target=\"_blank\" rel=\"noopener noreferrer\" href=\"http:\/\/envol-vert.org\/wp-content\/uploads\/2014\/01\/rapport-cuir-2013-V5def_cast.pdf\"><i class=\"fa-arrow-circle-down fas awb-button__icon awb-button__icon--default button-icon-left\" aria-hidden=\"true\"><\/i><span class=\"fusion-button-text awb-button__text awb-button__text--default\">Descargar el informe<\/span><\/a><\/div><div class=\"fusion-text fusion-text-1\"><p style=\"text-align: center;\"><span style=\"color: #313428;\"><span style=\"font-family: Arial, sans-serif;\"><span style=\"text-decoration: underline;\"><b><a href=\"http:\/\/envol-vert.org\/wp-content\/uploads\/2014\/01\/cuero_bosque.png\"><img decoding=\"async\" class=\"alignnone size-large wp-image-7085\" src=\"http:\/\/envol-vert.org\/wp-content\/uploads\/2014\/01\/cuero_bosque-1024x487.png\" alt=\"cuero_bosque\" width=\"620\" height=\"294\" srcset=\"https:\/\/envol-vert.org\/wp-content\/uploads\/2014\/01\/cuero_bosque-300x143.png 300w, https:\/\/envol-vert.org\/wp-content\/uploads\/2014\/01\/cuero_bosque-768x365.png 768w, https:\/\/envol-vert.org\/wp-content\/uploads\/2014\/01\/cuero_bosque-1024x487.png 1024w, https:\/\/envol-vert.org\/wp-content\/uploads\/2014\/01\/cuero_bosque.png 1036w\" sizes=\"(max-width: 620px) 100vw, 620px\" \/><\/a><\/b><\/span><\/span><\/span><\/p>\n<h3 align=\"JUSTIFY\"><span style=\"color: #ff6600;\"><span style=\"font-family: Arial, sans-serif;\"><b>Resumen del informe<\/b><\/span><\/span><\/h3>\n<p style=\"text-align: justify;\">Envol Vert aprovecho la pol\u00e9mica provocada por la falsa alarma del fin del mundo prevista por los Mayas en 2012 para recordar que la causa principal de la desaparici\u00f3n de esta civilizaci\u00f3n fue justamente la deforestaci\u00f3n. El declive de los Mayas fue provocada por la deforestaci\u00f3n la cual caus\u00f3 fuertes sequias. Esta deforestaci\u00f3n fue la causa de la transformaci\u00f3n masiva del bosque en tierras agr\u00edcolas, un camino se deber\u00eda evitar hoy en d\u00eda en nuestro mundo moderno, el cual sin embargo, toma la misma direcci\u00f3n peligrosa que los Mayas. Efectivamente, cada a\u00f1o, 13 millones de hect\u00e1reas de bosque desaparecen\u2026<\/p>\n<p style=\"text-align: justify;\">Mientras que se se\u00f1alan numerosas materias primas como culpables de la deforestaci\u00f3n, el \u00e1mbito de la ganader\u00eda bovina parece a\u00fan escapar de esta acusaci\u00f3n. Sin embargo, es la amenaza principal que pesa sobre el bosque tropical m\u00e1s grande del mundo.<\/p>\n<p style=\"text-align: justify;\"><strong>La deforestaci\u00f3n del bosque m\u00e1s grande del mundo <\/strong><\/p>\n<p style=\"text-align: justify;\">Actualmente, el 95% de la deforestaci\u00f3n tiene lugar en pa\u00edses tropicales. Y el 80% de esta deforestaci\u00f3n tiene como causa la transformaci\u00f3n agr\u00edcola y la ganader\u00eda bovina es responsable de 2\/3 de la desforestaci\u00f3n en Am\u00e9rica del Sur, especialmente en Amazonia, que representa la mitad de los ecosistemas tropicales del mundo, lo cual la convierte en la amenaza principal para los bosques sudamericanos.<\/p>\n<p style=\"text-align: justify;\">La selva Amaz\u00f3nica se encuentra amenazada por la cr\u00eda de ganado especialmente en Brasil, puesto que el 88% de esta cr\u00eda intensiva se lleva a cabo en sus tierras. El ecosistema del bosque Amaz\u00f3nico, posee el 10% de las especies conocidas en todo el mundo. La p\u00e9rdida progresiva de sus bosques tienen lugar principalmente a menos de 50 kil\u00f3metros de las principales autopistas y estas p\u00e9rdidas del ecosistema natural aparecen tras incendios causados de manera intencionada para seguir implantando la pr\u00e1ctica de cr\u00eda de ganado bovino.<\/p>\n<p style=\"text-align: justify;\"><strong>Bovinos para la carne y el cuero<\/strong><\/p>\n<p style=\"text-align: justify;\">La cr\u00eda de ganado requiere casi una hect\u00e1rea de selva por cada animal, de estos animales se produce principalmente carne y cuero representando una renta indispensable. Hoy, el consumo de carne de vaca procedente de Am\u00e9rica del Sur est\u00e1 en ligera baja, pero un aumento considerable de esta est\u00e1 por llegar.<\/p>\n<p style=\"text-align: justify;\">En 2007, cerca de 30% de la carne de vaca producida en Brasil fue exportada del pa\u00eds. A pesar de sus recientes dificultades, Brasil sigue siendo, debido a su producci\u00f3n y a sus exportaciones, el m\u00e1s importante productor de abastecimiento alimentario mundial. Francia importa poca carne sudamericana, con solamente 1,2% de importaciones francesas procedentes de Am\u00e9rica Latina.<\/p>\n<p style=\"text-align: justify;\">Sin embargo, un acuerdo de libre comercio entre la UE y Mercosur est\u00e1 en curso de negociaci\u00f3n y podr\u00eda permitir la entrada de hasta 4000 toneladas de carne de buey suplementarias en Europa, lo que causar\u00eda un aumento considerable de da\u00f1os medioambientales causados por Europa en Am\u00e9rica del Sur.<\/p>\n<p style=\"text-align: justify;\"><strong>Una cadena que termina en nuestros zapatos<\/strong><\/p>\n<p style=\"text-align: justify;\">El cuero, que constituye, aproximadamente el 20% del buey, representa en el mundo un 65% de origen bovino. Los productos finales de los zapatos ocupan el primer rango con un 53% de la utilizaci\u00f3n del cuero mezclado de diversas procedencias; es sabido que a nivel mundial el 30% de la producci\u00f3n de zapatos son en cuero.<\/p>\n<p style=\"text-align: justify;\">La exportaci\u00f3n de bovino brasilero est\u00e1 en aumento, principalmente en China, ya que su fabricaci\u00f3n de zapatos es de un 60% de la producci\u00f3n mundial; pero tambi\u00e9n en Francia (alrededor de 2\/3 partes de zapatos vendidos) e Italia, otros dos grandes utilizadores de cuero brasilero. Seg\u00fan las estad\u00edsticas un franc\u00e9s en 2009 compr\u00f3 6.5 pares de zapatos por a\u00f1o, lo cual no quiere decir que cada uno de ellos sabe exactamente que estos zapatos tienen un 95% de material importado.<\/p>\n<p style=\"text-align: justify;\">De otra parte, Envol Vert estima que el 13,5% de los zapatos de cuero, realizados de la ganader\u00eda bovina, que son vendidos en Francia est\u00e1n en un alto riesgo de desforestaci\u00f3n. En Francia, donde es evidente un boom de importaciones de zapatos provenientes de China y de Italia, podemos preguntarnos sobre los provisiones de los grupos m\u00e1s grandes franceses como Vivarte y sobretodo Eram, el primer fabricante franc\u00e9s. Estos grupos no hacen parte de la iniciativa Leather Working Group (LWG) grupo que busca evaluar y calificar las curtidoras siguiendo un referente. Estas curtidoras no deben estar implicadas, de ninguna manera, con la deforestaci\u00f3n desde octubre de 2009.<\/p>\n<p style=\"text-align: justify;\"><strong>\u00a1Reaccionar!<\/strong><\/p>\n<p style=\"text-align: justify;\">Para reducir la deforestaci\u00f3n producida por la ganader\u00eda existen soluciones, evidentemente en Brasil, donde la voluntad pol\u00edtica puede causar una r\u00e1pida reducci\u00f3n o aumento de la tasa de deforestaci\u00f3n, como lo muestra el nuevo c\u00f3digo forestal. Como consumidores responsables, podemos igualmente ayudar, escogiendo una alimentaci\u00f3n menos carn\u00edvora.<\/p>\n<p style=\"text-align: justify;\">En el terreno varios proyectos son posibles. Los sistemas agro pastorales que utilizan los arboles nativos y perennes permiten un regreso a la biodiversidad y a la seguridad alimentaria como con el Noyer Maya (brosimum alicastrum), proyectos a desarrollar. Envol Vert, justamente, sostiene un proyecto dirigido a combinar reforestaci\u00f3n, regreso a la biodiversidad y seguridad alimentaria en Colombia. La presi\u00f3n ejercida en el bosque, unido a la ganader\u00eda podr\u00eda ser dividida en al menos siete sistemas de desarrollo del silvopastoreo. Para finalizar, Francia siendo uno de los primeros consumidores de carne de res y primer pa\u00eds en riesgo por su consumismo en masa de zapatos en Europa, tiene un rol ejemplar, tomando medidas sobre la transparencia y las garant\u00edas ambientales de sus importaciones.<\/p>\n<p style=\"text-align: justify;\"><strong>\u00a0<\/strong><\/p>\n<\/div><div class=\"fusion-button-wrapper\"><a class=\"fusion-button button-flat fusion-button-default-size button-default fusion-button-default button-2 fusion-button-default-span fusion-button-default-type\" style=\"--button_margin-top:2%;--button_margin-bottom:4%;\" target=\"_blank\" rel=\"noopener noreferrer\" href=\"http:\/\/envol-vert.org\/wp-content\/uploads\/2014\/01\/rapport-cuir-2013-V5def_cast.pdf\"><i class=\"fa-arrow-circle-down fas awb-button__icon awb-button__icon--default button-icon-left\" aria-hidden=\"true\"><\/i><span class=\"fusion-button-text awb-button__text awb-button__text--default\">Descargar el informe<\/span><\/a><\/div><div class=\"fusion-clearfix\"><\/div><\/div><\/div><\/div><\/div>\n","protected":false},"featured_media":7085,"template":"","rapport_category":[1451,1662,1952],"class_list":["post-7084","rapport","type-rapport","status-publish","has-post-thumbnail","hentry","rapport_category-2013-es","rapport_category-actualidades-generales","rapport_category-incidencia"],"_links":{"self":[{"href":"https:\/\/envol-vert.org\/es\/wp-json\/wp\/v2\/rapport\/7084","targetHints":{"allow":["GET"]}}],"collection":[{"href":"https:\/\/envol-vert.org\/es\/wp-json\/wp\/v2\/rapport"}],"about":[{"href":"https:\/\/envol-vert.org\/es\/wp-json\/wp\/v2\/types\/rapport"}],"wp:featuredmedia":[{"embeddable":true,"href":"https:\/\/envol-vert.org\/es\/wp-json\/wp\/v2\/media\/7085"}],"wp:attachment":[{"href":"https:\/\/envol-vert.org\/es\/wp-json\/wp\/v2\/media?parent=7084"}],"wp:term":[{"taxonomy":"rapport_category","embeddable":true,"href":"https:\/\/envol-vert.org\/es\/wp-json\/wp\/v2\/rapport_category?post=7084"}],"curies":[{"name":"wp","href":"https:\/\/api.w.org\/{rel}","templated":true}]}}

Informe &#8211; El cuero daña el bosque

<div class="fusion-fullwidth fullwidth-box fusion-builder-row-1 nonhundred-percent-fullwidth non-hundred-percent-height-scrolling" style="--awb-border-radius-top-left:0px;--awb-border-radius-top-right:0px;--awb-border-radius-bottom-right:0px;--awb-border-radius-bottom-left:0px;--awb-flex-wrap:wrap;" ><div class="fusion-builder-row fusion-row"><div class="fusion-layout-column fusion_builder_column fusion-builder-column-0 fusion_builder_column_1_1 1_1 fusion-one-full fusion-column-first fusion-column-last" style="--awb-bg-size:cover;--awb-margin-bottom:0px;"><div class="fusion-column-wrapper fusion-flex-column-wrapper-legacy"><div class="fusion-button-wrapper"><a class="fusion-button button-flat fusion-button-default-size button-default fusion-button-default button-1 fusion-button-default-span fusion-button-default-type" style="--button_margin-top:2%;--button_margin-bottom:4%;" target="_blank" rel="noopener noreferrer" href="http://envol-vert.org/wp-content/uploads/2014/01/rapport-cuir-2013-V5def_cast.pdf"><i class="fa-arrow-circle-down fas awb-button__icon awb-button__icon--default button-icon-left" aria-hidden="true"></i><span class="fusion-button-text awb-button__text awb-button__text--default">Descargar el informe</span></a></div><div class="fusion-text fusion-text-1"><p style="text-align: center;"><span style="color: #313428;"><span style="font-family: Arial, sans-serif;"><span style="text-decoration: underline;"><b><a href="http://envol-vert.org/wp-content/uploads/2014/01/cuero_bosque.png"><img decoding="async" class="alignnone size-large wp-image-7085" src="http://envol-vert.org/wp-content/uploads/2014/01/cuero_bosque-1024x487.png" alt="cuero_bosque" width="620" height="294" srcset="https://envol-vert.org/wp-content/uploads/2014/01/cuero_bosque-300x143.png 300w, https://envol-vert.org/wp-content/uploads/2014/01/cuero_bosque-768x365.png 768w, https://envol-vert.org/wp-content/uploads/2014/01/cuero_bosque-1024x487.png 1024w, https://envol-vert.org/wp-content/uploads/2014/01/cuero_bosque.png 1036w" sizes="(max-width: 620px) 100vw, 620px" /></a></b></span></span></span></p>
<h3 align="JUSTIFY"><span style="color: #ff6600;"><span style="font-family: Arial, sans-serif;"><b>Resumen del informe</b></span></span></h3>
<p style="text-align: justify;">Envol Vert aprovecho la polémica provocada por la falsa alarma del fin del mundo prevista por los Mayas en 2012 para recordar que la causa principal de la desaparición de esta civilización fue justamente la deforestación. El declive de los Mayas fue provocada por la deforestación la cual causó fuertes sequias. Esta deforestación fue la causa de la transformación masiva del bosque en tierras agrícolas, un camino se debería evitar hoy en día en nuestro mundo moderno, el cual sin embargo, toma la misma dirección peligrosa que los Mayas. Efectivamente, cada año, 13 millones de hectáreas de bosque desaparecen…</p>
<p style="text-align: justify;">Mientras que se señalan numerosas materias primas como culpables de la deforestación, el ámbito de la ganadería bovina parece aún escapar de esta acusación. Sin embargo, es la amenaza principal que pesa sobre el bosque tropical más grande del mundo.</p>
<p style="text-align: justify;"><strong>La deforestación del bosque más grande del mundo </strong></p>
<p style="text-align: justify;">Actualmente, el 95% de la deforestación tiene lugar en países tropicales. Y el 80% de esta deforestación tiene como causa la transformación agrícola y la ganadería bovina es responsable de 2/3 de la desforestación en América del Sur, especialmente en Amazonia, que representa la mitad de los ecosistemas tropicales del mundo, lo cual la convierte en la amenaza principal para los bosques sudamericanos.</p>
<p style="text-align: justify;">La selva Amazónica se encuentra amenazada por la cría de ganado especialmente en Brasil, puesto que el 88% de esta cría intensiva se lleva a cabo en sus tierras. El ecosistema del bosque Amazónico, posee el 10% de las especies conocidas en todo el mundo. La pérdida progresiva de sus bosques tienen lugar principalmente a menos de 50 kilómetros de las principales autopistas y estas pérdidas del ecosistema natural aparecen tras incendios causados de manera intencionada para seguir implantando la práctica de cría de ganado bovino.</p>
<p style="text-align: justify;"><strong>Bovinos para la carne y el cuero</strong></p>
<p style="text-align: justify;">La cría de ganado requiere casi una hectárea de selva por cada animal, de estos animales se produce principalmente carne y cuero representando una renta indispensable. Hoy, el consumo de carne de vaca procedente de América del Sur está en ligera baja, pero un aumento considerable de esta está por llegar.</p>
<p style="text-align: justify;">En 2007, cerca de 30% de la carne de vaca producida en Brasil fue exportada del país. A pesar de sus recientes dificultades, Brasil sigue siendo, debido a su producción y a sus exportaciones, el más importante productor de abastecimiento alimentario mundial. Francia importa poca carne sudamericana, con solamente 1,2% de importaciones francesas procedentes de América Latina.</p>
<p style="text-align: justify;">Sin embargo, un acuerdo de libre comercio entre la UE y Mercosur está en curso de negociación y podría permitir la entrada de hasta 4000 toneladas de carne de buey suplementarias en Europa, lo que causaría un aumento considerable de daños medioambientales causados por Europa en América del Sur.</p>
<p style="text-align: justify;"><strong>Una cadena que termina en nuestros zapatos</strong></p>
<p style="text-align: justify;">El cuero, que constituye, aproximadamente el 20% del buey, representa en el mundo un 65% de origen bovino. Los productos finales de los zapatos ocupan el primer rango con un 53% de la utilización del cuero mezclado de diversas procedencias; es sabido que a nivel mundial el 30% de la producción de zapatos son en cuero.</p>
<p style="text-align: justify;">La exportación de bovino brasilero está en aumento, principalmente en China, ya que su fabricación de zapatos es de un 60% de la producción mundial; pero también en Francia (alrededor de 2/3 partes de zapatos vendidos) e Italia, otros dos grandes utilizadores de cuero brasilero. Según las estadísticas un francés en 2009 compró 6.5 pares de zapatos por año, lo cual no quiere decir que cada uno de ellos sabe exactamente que estos zapatos tienen un 95% de material importado.</p>
<p style="text-align: justify;">De otra parte, Envol Vert estima que el 13,5% de los zapatos de cuero, realizados de la ganadería bovina, que son vendidos en Francia están en un alto riesgo de desforestación. En Francia, donde es evidente un boom de importaciones de zapatos provenientes de China y de Italia, podemos preguntarnos sobre los provisiones de los grupos más grandes franceses como Vivarte y sobretodo Eram, el primer fabricante francés. Estos grupos no hacen parte de la iniciativa Leather Working Group (LWG) grupo que busca evaluar y calificar las curtidoras siguiendo un referente. Estas curtidoras no deben estar implicadas, de ninguna manera, con la deforestación desde octubre de 2009.</p>
<p style="text-align: justify;"><strong>¡Reaccionar!</strong></p>
<p style="text-align: justify;">Para reducir la deforestación producida por la ganadería existen soluciones, evidentemente en Brasil, donde la voluntad política puede causar una rápida reducción o aumento de la tasa de deforestación, como lo muestra el nuevo código forestal. Como consumidores responsables, podemos igualmente ayudar, escogiendo una alimentación menos carnívora.</p>
<p style="text-align: justify;">En el terreno varios proyectos son posibles. Los sistemas agro pastorales que utilizan los arboles nativos y perennes permiten un regreso a la biodiversidad y a la seguridad alimentaria como con el Noyer Maya (brosimum alicastrum), proyectos a desarrollar. Envol Vert, justamente, sostiene un proyecto dirigido a combinar reforestación, regreso a la biodiversidad y seguridad alimentaria en Colombia. La presión ejercida en el bosque, unido a la ganadería podría ser dividida en al menos siete sistemas de desarrollo del silvopastoreo. Para finalizar, Francia siendo uno de los primeros consumidores de carne de res y primer país en riesgo por su consumismo en masa de zapatos en Europa, tiene un rol ejemplar, tomando medidas sobre la transparencia y las garantías ambientales de sus importaciones.</p>
<p style="text-align: justify;"><strong> </strong></p>
</div><div class="fusion-button-wrapper"><a class="fusion-button button-flat fusion-button-default-size button-default fusion-button-default button-2 fusion-button-default-span fusion-button-default-type" style="--button_margin-top:2%;--button_margin-bottom:4%;" target="_blank" rel="noopener noreferrer" href="http://envol-vert.org/wp-content/uploads/2014/01/rapport-cuir-2013-V5def_cast.pdf"><i class="fa-arrow-circle-down fas awb-button__icon awb-button__icon--default button-icon-left" aria-hidden="true"></i><span class="fusion-button-text awb-button__text awb-button__text--default">Descargar el informe</span></a></div><div class="fusion-clearfix"></div></div></div></div></div>
