{"id":49273,"date":"2024-03-09T17:27:38","date_gmt":"2024-03-09T15:27:38","guid":{"rendered":"https:\/\/envol-vert.org\/staff\/marion-duffieux\/"},"modified":"2024-03-09T17:30:28","modified_gmt":"2024-03-09T15:30:28","slug":"marion-duffieux","status":"publish","type":"staff","link":"https:\/\/envol-vert.org\/es\/equipo\/marion-duffieux\/","title":{"rendered":"Marion Duffieux"},"content":{"rendered":"<p><div class=\"fusion-fullwidth fullwidth-box fusion-builder-row-1 fusion-flex-container nonhundred-percent-fullwidth non-hundred-percent-height-scrolling\" style=\"--awb-border-radius-top-left:0px;--awb-border-radius-top-right:0px;--awb-border-radius-bottom-right:0px;--awb-border-radius-bottom-left:0px;--awb-flex-wrap:wrap;\" ><div class=\"fusion-builder-row fusion-row fusion-flex-align-items-flex-start fusion-flex-content-wrap\" style=\"max-width:1040px;margin-left: calc(-4% \/ 2 );margin-right: calc(-4% \/ 2 );\"><div class=\"fusion-layout-column fusion_builder_column fusion-builder-column-0 fusion_builder_column_1_1 1_1 fusion-flex-column\" style=\"--awb-bg-size:cover;--awb-width-large:100%;--awb-margin-top-large:0px;--awb-spacing-right-large:1.92%;--awb-margin-bottom-large:10px;--awb-spacing-left-large:1.92%;--awb-width-medium:100%;--awb-order-medium:0;--awb-spacing-right-medium:1.92%;--awb-spacing-left-medium:1.92%;--awb-width-small:100%;--awb-order-small:0;--awb-spacing-right-small:1.92%;--awb-spacing-left-small:1.92%;\"><div class=\"fusion-column-wrapper fusion-column-has-shadow fusion-flex-justify-content-flex-start fusion-content-layout-column\"><div class=\"fusion-title title fusion-title-1 fusion-title-text fusion-title-size-two\" style=\"--awb-text-color:#076633;--awb-margin-top-small:0px;--awb-margin-right-small:0px;--awb-margin-bottom-small:0px;--awb-margin-left-small:0px;\"><div class=\"title-sep-container title-sep-container-left fusion-no-large-visibility fusion-no-medium-visibility fusion-no-small-visibility\"><div class=\"title-sep sep-double sep-solid\" style=\"border-color:#e0dede;\"><\/div><\/div><span class=\"awb-title-spacer fusion-no-large-visibility fusion-no-medium-visibility fusion-no-small-visibility\"><\/span><h2 class=\"fusion-title-heading title-heading-left fusion-responsive-typography-calculated\" style=\"margin:0;--fontSize:22.4;--minFontSize:22.4;line-height:1.39;\">Coordinadora Francia<\/h2><span class=\"awb-title-spacer\"><\/span><div class=\"title-sep-container title-sep-container-right\"><div class=\"title-sep sep-double sep-solid\" style=\"border-color:#e0dede;\"><\/div><\/div><\/div><\/div><\/div><\/div><\/div><div class=\"fusion-fullwidth fullwidth-box fusion-builder-row-2 fusion-flex-container nonhundred-percent-fullwidth non-hundred-percent-height-scrolling\" style=\"--awb-border-radius-top-left:0px;--awb-border-radius-top-right:0px;--awb-border-radius-bottom-right:0px;--awb-border-radius-bottom-left:0px;--awb-flex-wrap:wrap;\" ><div class=\"fusion-builder-row fusion-row fusion-flex-align-items-flex-start fusion-flex-content-wrap\" style=\"max-width:1040px;margin-left: calc(-4% \/ 2 );margin-right: calc(-4% \/ 2 );\"><div class=\"fusion-layout-column fusion_builder_column fusion-builder-column-1 fusion_builder_column_1_1 1_1 fusion-flex-column\" style=\"--awb-bg-size:cover;--awb-width-large:100%;--awb-margin-top-large:0px;--awb-spacing-right-large:1.92%;--awb-margin-bottom-large:20px;--awb-spacing-left-large:1.92%;--awb-width-medium:100%;--awb-order-medium:0;--awb-spacing-right-medium:1.92%;--awb-spacing-left-medium:1.92%;--awb-width-small:100%;--awb-order-small:0;--awb-spacing-right-small:1.92%;--awb-spacing-left-small:1.92%;\"><div class=\"fusion-column-wrapper fusion-column-has-shadow fusion-flex-justify-content-flex-start fusion-content-layout-column\"><div class=\"fusion-text fusion-text-1\" style=\"--awb-text-transform:none;\"><p>Tras cursar una doble licenciatura franco-australiana en comercio internacional, Marion hizo unas pr\u00e1cticas en Camboya para una ONG francesa, trabajando en proyectos de cultivo de arroz. Convencida de la necesidad de cambiar los modelos productivos y econ\u00f3micos a escala mundial, curs\u00f3 un M\u00e1ster 2 en Desarrollo Agr\u00edcola Sostenible y Seguridad Alimentaria.<\/p>\n<p>El curso le abri\u00f3 nuevos horizontes y acept\u00f3 un puesto de gestora de proyectos agroforestales en Hait\u00ed, que ocup\u00f3 durante 3 a\u00f1os. Aport\u00f3 sus conocimientos de gesti\u00f3n de proyectos y aprendi\u00f3 sobre el terreno la agricultura tropical, gracias a la experiencia de sus colegas haitianos, especialmente en la plantaci\u00f3n de manglares, un bosque energ\u00e9tico y sistemas agroforestales de caf\u00e9.<\/p>\n<p>A su regreso a Francia, se incorpor\u00f3 a un organismo de certificaci\u00f3n de comercio justo y RSE. Ocup\u00f3 varios cargos durante 6 a\u00f1os, entre ellos el de Directora de Operaciones en Francia y Directora de Auditor\u00eda, donde garantizaba la realizaci\u00f3n de auditor\u00edas en todo el mundo sobre cuestiones econ\u00f3micas, sociales y medioambientales.<\/p>\n<p>En 2023, decidi\u00f3 unirse a Envol Vert como coordinadora para Francia, con el fin de redescubrir el aspecto militante de su trabajo. Le convenci\u00f3 el enfoque de la asociaci\u00f3n, que combina experiencia sobre el terreno e incidencia, tanto en Francia como en Sudam\u00e9rica, y el modelo de autogesti\u00f3n elegido.<\/p>\n<\/div><div class=\"fusion-separator fusion-full-width-sep\" style=\"align-self: center;margin-left: auto;margin-right: auto;margin-top:3%;width:100%;\"><\/div><div class=\"fusion-social-links fusion-social-links-1\" style=\"--awb-margin-top:0px;--awb-margin-right:0px;--awb-margin-bottom:0px;--awb-margin-left:0px;--awb-box-border-top:0px;--awb-box-border-right:0px;--awb-box-border-bottom:0px;--awb-box-border-left:0px;--awb-icon-colors-hover:var(--awb-color4);--awb-box-colors-hover:var(--awb-color1);--awb-box-border-color:var(--awb-color3);--awb-box-border-color-hover:var(--awb-color4);\"><div class=\"fusion-social-networks color-type-custom\"><div class=\"fusion-social-networks-wrapper\"><\/div><\/div><\/div><\/div><\/div><\/div><\/div><\/p>\n","protected":false},"excerpt":{"rendered":"<p>Coordinadora Francia<\/p>\n","protected":false},"featured_media":49270,"template":"","staff_cats":[1441],"class_list":["post-49273","staff","type-staff","status-publish","has-post-thumbnail","hentry","staff_cats-permanentes"],"_links":{"self":[{"href":"https:\/\/envol-vert.org\/es\/wp-json\/wp\/v2\/staff\/49273","targetHints":{"allow":["GET"]}}],"collection":[{"href":"https:\/\/envol-vert.org\/es\/wp-json\/wp\/v2\/staff"}],"about":[{"href":"https:\/\/envol-vert.org\/es\/wp-json\/wp\/v2\/types\/staff"}],"version-history":[{"count":0,"href":"https:\/\/envol-vert.org\/es\/wp-json\/wp\/v2\/staff\/49273\/revisions"}],"wp:featuredmedia":[{"embeddable":true,"href":"https:\/\/envol-vert.org\/es\/wp-json\/wp\/v2\/media\/49270"}],"wp:attachment":[{"href":"https:\/\/envol-vert.org\/es\/wp-json\/wp\/v2\/media?parent=49273"}],"wp:term":[{"taxonomy":"staff_cats","embeddable":true,"href":"https:\/\/envol-vert.org\/es\/wp-json\/wp\/v2\/staff_cats?post=49273"}],"curies":[{"name":"wp","href":"https:\/\/api.w.org\/{rel}","templated":true}]}}

<p><div class="fusion-fullwidth fullwidth-box fusion-builder-row-1 fusion-flex-container nonhundred-percent-fullwidth non-hundred-percent-height-scrolling" style="--awb-border-radius-top-left:0px;--awb-border-radius-top-right:0px;--awb-border-radius-bottom-right:0px;--awb-border-radius-bottom-left:0px;--awb-flex-wrap:wrap;" ><div class="fusion-builder-row fusion-row fusion-flex-align-items-flex-start fusion-flex-content-wrap" style="max-width:1040px;margin-left: calc(-4% / 2 );margin-right: calc(-4% / 2 );"><div class="fusion-layout-column fusion_builder_column fusion-builder-column-0 fusion_builder_column_1_1 1_1 fusion-flex-column" style="--awb-bg-size:cover;--awb-width-large:100%;--awb-margin-top-large:0px;--awb-spacing-right-large:1.92%;--awb-margin-bottom-large:10px;--awb-spacing-left-large:1.92%;--awb-width-medium:100%;--awb-order-medium:0;--awb-spacing-right-medium:1.92%;--awb-spacing-left-medium:1.92%;--awb-width-small:100%;--awb-order-small:0;--awb-spacing-right-small:1.92%;--awb-spacing-left-small:1.92%;"><div class="fusion-column-wrapper fusion-column-has-shadow fusion-flex-justify-content-flex-start fusion-content-layout-column"><div class="fusion-title title fusion-title-1 fusion-title-text fusion-title-size-two" style="--awb-text-color:#076633;--awb-margin-top-small:0px;--awb-margin-right-small:0px;--awb-margin-bottom-small:0px;--awb-margin-left-small:0px;"><div class="title-sep-container title-sep-container-left fusion-no-large-visibility fusion-no-medium-visibility fusion-no-small-visibility"><div class="title-sep sep-double sep-solid" style="border-color:#e0dede;"></div></div><span class="awb-title-spacer fusion-no-large-visibility fusion-no-medium-visibility fusion-no-small-visibility"></span><h2 class="fusion-title-heading title-heading-left fusion-responsive-typography-calculated" style="margin:0;--fontSize:22.4;--minFontSize:22.4;line-height:1.39;">Coordinadora Francia</h2><span class="awb-title-spacer"></span><div class="title-sep-container title-sep-container-right"><div class="title-sep sep-double sep-solid" style="border-color:#e0dede;"></div></div></div></div></div></div></div><div class="fusion-fullwidth fullwidth-box fusion-builder-row-2 fusion-flex-container nonhundred-percent-fullwidth non-hundred-percent-height-scrolling" style="--awb-border-radius-top-left:0px;--awb-border-radius-top-right:0px;--awb-border-radius-bottom-right:0px;--awb-border-radius-bottom-left:0px;--awb-flex-wrap:wrap;" ><div class="fusion-builder-row fusion-row fusion-flex-align-items-flex-start fusion-flex-content-wrap" style="max-width:1040px;margin-left: calc(-4% / 2 );margin-right: calc(-4% / 2 );"><div class="fusion-layout-column fusion_builder_column fusion-builder-column-1 fusion_builder_column_1_1 1_1 fusion-flex-column" style="--awb-bg-size:cover;--awb-width-large:100%;--awb-margin-top-large:0px;--awb-spacing-right-large:1.92%;--awb-margin-bottom-large:20px;--awb-spacing-left-large:1.92%;--awb-width-medium:100%;--awb-order-medium:0;--awb-spacing-right-medium:1.92%;--awb-spacing-left-medium:1.92%;--awb-width-small:100%;--awb-order-small:0;--awb-spacing-right-small:1.92%;--awb-spacing-left-small:1.92%;"><div class="fusion-column-wrapper fusion-column-has-shadow fusion-flex-justify-content-flex-start fusion-content-layout-column"><div class="fusion-text fusion-text-1" style="--awb-text-transform:none;"><p>Tras cursar una doble licenciatura franco-australiana en comercio internacional, Marion hizo unas prácticas en Camboya para una ONG francesa, trabajando en proyectos de cultivo de arroz. Convencida de la necesidad de cambiar los modelos productivos y económicos a escala mundial, cursó un Máster 2 en Desarrollo Agrícola Sostenible y Seguridad Alimentaria.</p>
<p>El curso le abrió nuevos horizontes y aceptó un puesto de gestora de proyectos agroforestales en Haití, que ocupó durante 3 años. Aportó sus conocimientos de gestión de proyectos y aprendió sobre el terreno la agricultura tropical, gracias a la experiencia de sus colegas haitianos, especialmente en la plantación de manglares, un bosque energético y sistemas agroforestales de café.</p>
<p>A su regreso a Francia, se incorporó a un organismo de certificación de comercio justo y RSE. Ocupó varios cargos durante 6 años, entre ellos el de Directora de Operaciones en Francia y Directora de Auditoría, donde garantizaba la realización de auditorías en todo el mundo sobre cuestiones económicas, sociales y medioambientales.</p>
<p>En 2023, decidió unirse a Envol Vert como coordinadora para Francia, con el fin de redescubrir el aspecto militante de su trabajo. Le convenció el enfoque de la asociación, que combina experiencia sobre el terreno e incidencia, tanto en Francia como en Sudamérica, y el modelo de autogestión elegido.</p>
</div><div class="fusion-separator fusion-full-width-sep" style="align-self: center;margin-left: auto;margin-right: auto;margin-top:3%;width:100%;"></div><div class="fusion-social-links fusion-social-links-1" style="--awb-margin-top:0px;--awb-margin-right:0px;--awb-margin-bottom:0px;--awb-margin-left:0px;--awb-box-border-top:0px;--awb-box-border-right:0px;--awb-box-border-bottom:0px;--awb-box-border-left:0px;--awb-icon-colors-hover:var(--awb-color4);--awb-box-colors-hover:var(--awb-color1);--awb-box-border-color:var(--awb-color3);--awb-box-border-color-hover:var(--awb-color4);"><div class="fusion-social-networks color-type-custom"><div class="fusion-social-networks-wrapper"></div></div></div></div></div></div></div></p>
