{"id":52037,"date":"2025-01-18T16:57:53","date_gmt":"2025-01-18T14:57:53","guid":{"rendered":"https:\/\/envol-vert.org\/staff\/berenice-mendoza\/"},"modified":"2025-01-18T17:04:28","modified_gmt":"2025-01-18T15:04:28","slug":"berenice-mendoza","status":"publish","type":"staff","link":"https:\/\/envol-vert.org\/es\/equipo\/berenice-mendoza\/","title":{"rendered":"Berenice Mendoza"},"content":{"rendered":"<p><div class=\"fusion-fullwidth fullwidth-box fusion-builder-row-1 fusion-flex-container nonhundred-percent-fullwidth non-hundred-percent-height-scrolling\" style=\"--awb-border-radius-top-left:0px;--awb-border-radius-top-right:0px;--awb-border-radius-bottom-right:0px;--awb-border-radius-bottom-left:0px;--awb-flex-wrap:wrap;\" ><div class=\"fusion-builder-row fusion-row fusion-flex-align-items-flex-start fusion-flex-content-wrap\" style=\"max-width:1040px;margin-left: calc(-4% \/ 2 );margin-right: calc(-4% \/ 2 );\"><div class=\"fusion-layout-column fusion_builder_column fusion-builder-column-0 fusion_builder_column_1_1 1_1 fusion-flex-column\" style=\"--awb-bg-size:cover;--awb-width-large:100%;--awb-margin-top-large:0px;--awb-spacing-right-large:1.92%;--awb-margin-bottom-large:10px;--awb-spacing-left-large:1.92%;--awb-width-medium:100%;--awb-order-medium:0;--awb-spacing-right-medium:1.92%;--awb-spacing-left-medium:1.92%;--awb-width-small:100%;--awb-order-small:0;--awb-spacing-right-small:1.92%;--awb-spacing-left-small:1.92%;\"><div class=\"fusion-column-wrapper fusion-column-has-shadow fusion-flex-justify-content-flex-start fusion-content-layout-column\"><div class=\"fusion-title title fusion-title-1 fusion-title-text fusion-title-size-two\" style=\"--awb-text-color:#076633;--awb-margin-top-small:0px;--awb-margin-right-small:0px;--awb-margin-bottom-small:0px;--awb-margin-left-small:0px;\"><div class=\"title-sep-container title-sep-container-left fusion-no-large-visibility fusion-no-medium-visibility fusion-no-small-visibility\"><div class=\"title-sep sep-double sep-solid\" style=\"border-color:#e0dede;\"><\/div><\/div><span class=\"awb-title-spacer fusion-no-large-visibility fusion-no-medium-visibility fusion-no-small-visibility\"><\/span><h2 class=\"fusion-title-heading title-heading-left fusion-responsive-typography-calculated\" style=\"margin:0;--fontSize:22.4;--minFontSize:22.4;line-height:1.39;\">Responsable Conservaci\u00f3n y biodiversidad &#8211; Per\u00fa<\/h2><span class=\"awb-title-spacer\"><\/span><div class=\"title-sep-container title-sep-container-right\"><div class=\"title-sep sep-double sep-solid\" style=\"border-color:#e0dede;\"><\/div><\/div><\/div><\/div><\/div><\/div><\/div><div class=\"fusion-fullwidth fullwidth-box fusion-builder-row-2 fusion-flex-container nonhundred-percent-fullwidth non-hundred-percent-height-scrolling\" style=\"--awb-border-radius-top-left:0px;--awb-border-radius-top-right:0px;--awb-border-radius-bottom-right:0px;--awb-border-radius-bottom-left:0px;--awb-flex-wrap:wrap;\" ><div class=\"fusion-builder-row fusion-row fusion-flex-align-items-flex-start fusion-flex-content-wrap\" style=\"max-width:1040px;margin-left: calc(-4% \/ 2 );margin-right: calc(-4% \/ 2 );\"><div class=\"fusion-layout-column fusion_builder_column fusion-builder-column-1 fusion_builder_column_1_1 1_1 fusion-flex-column\" style=\"--awb-bg-size:cover;--awb-width-large:100%;--awb-margin-top-large:0px;--awb-spacing-right-large:1.92%;--awb-margin-bottom-large:20px;--awb-spacing-left-large:1.92%;--awb-width-medium:100%;--awb-order-medium:0;--awb-spacing-right-medium:1.92%;--awb-spacing-left-medium:1.92%;--awb-width-small:100%;--awb-order-small:0;--awb-spacing-right-small:1.92%;--awb-spacing-left-small:1.92%;\"><div class=\"fusion-column-wrapper fusion-column-has-shadow fusion-flex-justify-content-flex-start fusion-content-layout-column\"><div class=\"fusion-text fusion-text-1\"><p><span style=\"font-weight: 400;\">Berenice, graduada en Ingenier\u00eda Ambiental, se ha dedicado a la conservaci\u00f3n de los bosques y al trabajo colaborativo con comunidades locales. Desde muy joven, mostr\u00f3 una profunda pasi\u00f3n por proteger la naturaleza. Su experiencia profesional incluye actividades en diversas regiones de la Amazon\u00eda, donde ha trabajado en proyectos de conservaci\u00f3n, ordenamiento territorial, relaciones comunitarias, acci\u00f3n colectiva y educaci\u00f3n ambiental con un enfoque multidisciplinario.  <\/span><span style=\"font-weight: 400;\"><br \/>\n<\/span><span style=\"font-weight: 400;\">Apasionada por temas como el pensamiento de resiliencia (Stockholm Institute), los sistemas socioecol\u00f3gicos y bienes comunes (Elinor Ostrom). Miembro actual de la Asociaci\u00f3n Internacional para el Estudio de los Bienes Comunes (IASC).En 2023, asumi\u00f3 un nuevo desaf\u00edo como Referente de Conservaci\u00f3n y Biodiversidad en Envol Vert Per\u00fa, donde el prop\u00f3sito coraz\u00f3n de los proyectos es buscar la preservaci\u00f3n de los bosques y ofrecer alternativas econ\u00f3micas sostenibles para las poblaciones. Desde su rol, colabora con equipos locales, voluntarios peruanos y franceses, enfoc\u00e1ndose en lograr un impacto positivo tanto en las comunidades como en los ecosistemas de la Amazon\u00eda peruana.   <\/span><\/p>\n<\/div><div class=\"fusion-separator fusion-full-width-sep\" style=\"align-self: center;margin-left: auto;margin-right: auto;margin-top:3%;width:100%;\"><\/div><div class=\"fusion-social-links fusion-social-links-1\" style=\"--awb-margin-top:0px;--awb-margin-right:0px;--awb-margin-bottom:0px;--awb-margin-left:0px;--awb-box-border-top:0px;--awb-box-border-right:0px;--awb-box-border-bottom:0px;--awb-box-border-left:0px;--awb-icon-colors-hover:var(--awb-color4);--awb-box-colors-hover:var(--awb-color1);--awb-box-border-color:var(--awb-color3);--awb-box-border-color-hover:var(--awb-color4);\"><div class=\"fusion-social-networks color-type-custom\"><div class=\"fusion-social-networks-wrapper\"><\/div><\/div><\/div><\/div><\/div><\/div><\/div><\/p>\n","protected":false},"excerpt":{"rendered":"<p>Conservaci\u00f3n y biodiversidad &#8211; Per\u00fa<\/p>\n","protected":false},"featured_media":52032,"template":"","staff_cats":[1441],"class_list":["post-52037","staff","type-staff","status-publish","has-post-thumbnail","hentry","staff_cats-permanentes"],"_links":{"self":[{"href":"https:\/\/envol-vert.org\/es\/wp-json\/wp\/v2\/staff\/52037","targetHints":{"allow":["GET"]}}],"collection":[{"href":"https:\/\/envol-vert.org\/es\/wp-json\/wp\/v2\/staff"}],"about":[{"href":"https:\/\/envol-vert.org\/es\/wp-json\/wp\/v2\/types\/staff"}],"version-history":[{"count":0,"href":"https:\/\/envol-vert.org\/es\/wp-json\/wp\/v2\/staff\/52037\/revisions"}],"wp:featuredmedia":[{"embeddable":true,"href":"https:\/\/envol-vert.org\/es\/wp-json\/wp\/v2\/media\/52032"}],"wp:attachment":[{"href":"https:\/\/envol-vert.org\/es\/wp-json\/wp\/v2\/media?parent=52037"}],"wp:term":[{"taxonomy":"staff_cats","embeddable":true,"href":"https:\/\/envol-vert.org\/es\/wp-json\/wp\/v2\/staff_cats?post=52037"}],"curies":[{"name":"wp","href":"https:\/\/api.w.org\/{rel}","templated":true}]}}

<p><div class="fusion-fullwidth fullwidth-box fusion-builder-row-1 fusion-flex-container nonhundred-percent-fullwidth non-hundred-percent-height-scrolling" style="--awb-border-radius-top-left:0px;--awb-border-radius-top-right:0px;--awb-border-radius-bottom-right:0px;--awb-border-radius-bottom-left:0px;--awb-flex-wrap:wrap;" ><div class="fusion-builder-row fusion-row fusion-flex-align-items-flex-start fusion-flex-content-wrap" style="max-width:1040px;margin-left: calc(-4% / 2 );margin-right: calc(-4% / 2 );"><div class="fusion-layout-column fusion_builder_column fusion-builder-column-0 fusion_builder_column_1_1 1_1 fusion-flex-column" style="--awb-bg-size:cover;--awb-width-large:100%;--awb-margin-top-large:0px;--awb-spacing-right-large:1.92%;--awb-margin-bottom-large:10px;--awb-spacing-left-large:1.92%;--awb-width-medium:100%;--awb-order-medium:0;--awb-spacing-right-medium:1.92%;--awb-spacing-left-medium:1.92%;--awb-width-small:100%;--awb-order-small:0;--awb-spacing-right-small:1.92%;--awb-spacing-left-small:1.92%;"><div class="fusion-column-wrapper fusion-column-has-shadow fusion-flex-justify-content-flex-start fusion-content-layout-column"><div class="fusion-title title fusion-title-1 fusion-title-text fusion-title-size-two" style="--awb-text-color:#076633;--awb-margin-top-small:0px;--awb-margin-right-small:0px;--awb-margin-bottom-small:0px;--awb-margin-left-small:0px;"><div class="title-sep-container title-sep-container-left fusion-no-large-visibility fusion-no-medium-visibility fusion-no-small-visibility"><div class="title-sep sep-double sep-solid" style="border-color:#e0dede;"></div></div><span class="awb-title-spacer fusion-no-large-visibility fusion-no-medium-visibility fusion-no-small-visibility"></span><h2 class="fusion-title-heading title-heading-left fusion-responsive-typography-calculated" style="margin:0;--fontSize:22.4;--minFontSize:22.4;line-height:1.39;">Responsable Conservación y biodiversidad &#8211; Perú</h2><span class="awb-title-spacer"></span><div class="title-sep-container title-sep-container-right"><div class="title-sep sep-double sep-solid" style="border-color:#e0dede;"></div></div></div></div></div></div></div><div class="fusion-fullwidth fullwidth-box fusion-builder-row-2 fusion-flex-container nonhundred-percent-fullwidth non-hundred-percent-height-scrolling" style="--awb-border-radius-top-left:0px;--awb-border-radius-top-right:0px;--awb-border-radius-bottom-right:0px;--awb-border-radius-bottom-left:0px;--awb-flex-wrap:wrap;" ><div class="fusion-builder-row fusion-row fusion-flex-align-items-flex-start fusion-flex-content-wrap" style="max-width:1040px;margin-left: calc(-4% / 2 );margin-right: calc(-4% / 2 );"><div class="fusion-layout-column fusion_builder_column fusion-builder-column-1 fusion_builder_column_1_1 1_1 fusion-flex-column" style="--awb-bg-size:cover;--awb-width-large:100%;--awb-margin-top-large:0px;--awb-spacing-right-large:1.92%;--awb-margin-bottom-large:20px;--awb-spacing-left-large:1.92%;--awb-width-medium:100%;--awb-order-medium:0;--awb-spacing-right-medium:1.92%;--awb-spacing-left-medium:1.92%;--awb-width-small:100%;--awb-order-small:0;--awb-spacing-right-small:1.92%;--awb-spacing-left-small:1.92%;"><div class="fusion-column-wrapper fusion-column-has-shadow fusion-flex-justify-content-flex-start fusion-content-layout-column"><div class="fusion-text fusion-text-1"><p><span style="font-weight: 400;">Berenice, graduada en Ingeniería Ambiental, se ha dedicado a la conservación de los bosques y al trabajo colaborativo con comunidades locales. Desde muy joven, mostró una profunda pasión por proteger la naturaleza. Su experiencia profesional incluye actividades en diversas regiones de la Amazonía, donde ha trabajado en proyectos de conservación, ordenamiento territorial, relaciones comunitarias, acción colectiva y educación ambiental con un enfoque multidisciplinario.  </span><span style="font-weight: 400;"><br />
</span><span style="font-weight: 400;">Apasionada por temas como el pensamiento de resiliencia (Stockholm Institute), los sistemas socioecológicos y bienes comunes (Elinor Ostrom). Miembro actual de la Asociación Internacional para el Estudio de los Bienes Comunes (IASC).En 2023, asumió un nuevo desafío como Referente de Conservación y Biodiversidad en Envol Vert Perú, donde el propósito corazón de los proyectos es buscar la preservación de los bosques y ofrecer alternativas económicas sostenibles para las poblaciones. Desde su rol, colabora con equipos locales, voluntarios peruanos y franceses, enfocándose en lograr un impacto positivo tanto en las comunidades como en los ecosistemas de la Amazonía peruana.   </span></p>
</div><div class="fusion-separator fusion-full-width-sep" style="align-self: center;margin-left: auto;margin-right: auto;margin-top:3%;width:100%;"></div><div class="fusion-social-links fusion-social-links-1" style="--awb-margin-top:0px;--awb-margin-right:0px;--awb-margin-bottom:0px;--awb-margin-left:0px;--awb-box-border-top:0px;--awb-box-border-right:0px;--awb-box-border-bottom:0px;--awb-box-border-left:0px;--awb-icon-colors-hover:var(--awb-color4);--awb-box-colors-hover:var(--awb-color1);--awb-box-border-color:var(--awb-color3);--awb-box-border-color-hover:var(--awb-color4);"><div class="fusion-social-networks color-type-custom"><div class="fusion-social-networks-wrapper"></div></div></div></div></div></div></div></p>

<p>Conservación y biodiversidad &#8211; Perú</p>
