{"id":53086,"date":"2025-05-31T22:37:22","date_gmt":"2025-05-31T20:37:22","guid":{"rendered":"https:\/\/envol-vert.org\/staff\/leonardo-a-saldana-fonseca\/"},"modified":"2025-05-31T22:37:22","modified_gmt":"2025-05-31T20:37:22","slug":"leonardo-a-saldana-fonseca","status":"publish","type":"staff","link":"https:\/\/envol-vert.org\/es\/equipo\/leonardo-a-saldana-fonseca\/","title":{"rendered":"Leonardo A. Salda\u00f1a Fonseca"},"content":{"rendered":"<p><div class=\"fusion-fullwidth fullwidth-box fusion-builder-row-1 fusion-flex-container nonhundred-percent-fullwidth non-hundred-percent-height-scrolling\" style=\"--awb-border-radius-top-left:0px;--awb-border-radius-top-right:0px;--awb-border-radius-bottom-right:0px;--awb-border-radius-bottom-left:0px;--awb-flex-wrap:wrap;\" ><div class=\"fusion-builder-row fusion-row fusion-flex-align-items-flex-start fusion-flex-content-wrap\" style=\"max-width:1040px;margin-left: calc(-4% \/ 2 );margin-right: calc(-4% \/ 2 );\"><div class=\"fusion-layout-column fusion_builder_column fusion-builder-column-0 fusion_builder_column_1_1 1_1 fusion-flex-column\" style=\"--awb-bg-size:cover;--awb-width-large:100%;--awb-margin-top-large:0px;--awb-spacing-right-large:1.92%;--awb-margin-bottom-large:10px;--awb-spacing-left-large:1.92%;--awb-width-medium:100%;--awb-order-medium:0;--awb-spacing-right-medium:1.92%;--awb-spacing-left-medium:1.92%;--awb-width-small:100%;--awb-order-small:0;--awb-spacing-right-small:1.92%;--awb-spacing-left-small:1.92%;\"><div class=\"fusion-column-wrapper fusion-column-has-shadow fusion-flex-justify-content-flex-start fusion-content-layout-column\"><div class=\"fusion-title title fusion-title-1 fusion-title-text fusion-title-size-two\" style=\"--awb-text-color:#076633;--awb-margin-top-small:0px;--awb-margin-right-small:0px;--awb-margin-bottom-small:0px;--awb-margin-left-small:0px;\"><div class=\"title-sep-container title-sep-container-left fusion-no-large-visibility fusion-no-medium-visibility fusion-no-small-visibility\"><div class=\"title-sep sep-double sep-solid\" style=\"border-color:#e0dede;\"><\/div><\/div><span class=\"awb-title-spacer fusion-no-large-visibility fusion-no-medium-visibility fusion-no-small-visibility\"><\/span><h2 class=\"fusion-title-heading title-heading-left fusion-responsive-typography-calculated\" style=\"margin:0;--fontSize:22.4;--minFontSize:22.4;line-height:1.39;\">Coordinador de conservaci\u00f3n &#8211; Colombia<\/h2><span class=\"awb-title-spacer\"><\/span><div class=\"title-sep-container title-sep-container-right\"><div class=\"title-sep sep-double sep-solid\" style=\"border-color:#e0dede;\"><\/div><\/div><\/div><\/div><\/div><\/div><\/div><div class=\"fusion-fullwidth fullwidth-box fusion-builder-row-2 fusion-flex-container nonhundred-percent-fullwidth non-hundred-percent-height-scrolling\" style=\"--awb-border-radius-top-left:0px;--awb-border-radius-top-right:0px;--awb-border-radius-bottom-right:0px;--awb-border-radius-bottom-left:0px;--awb-flex-wrap:wrap;\" ><div class=\"fusion-builder-row fusion-row fusion-flex-align-items-flex-start fusion-flex-content-wrap\" style=\"max-width:1040px;margin-left: calc(-4% \/ 2 );margin-right: calc(-4% \/ 2 );\"><div class=\"fusion-layout-column fusion_builder_column fusion-builder-column-1 fusion_builder_column_1_1 1_1 fusion-flex-column\" style=\"--awb-bg-size:cover;--awb-width-large:100%;--awb-margin-top-large:0px;--awb-spacing-right-large:1.92%;--awb-margin-bottom-large:20px;--awb-spacing-left-large:1.92%;--awb-width-medium:100%;--awb-order-medium:0;--awb-spacing-right-medium:1.92%;--awb-spacing-left-medium:1.92%;--awb-width-small:100%;--awb-order-small:0;--awb-spacing-right-small:1.92%;--awb-spacing-left-small:1.92%;\"><div class=\"fusion-column-wrapper fusion-column-has-shadow fusion-flex-justify-content-flex-start fusion-content-layout-column\"><div class=\"fusion-text fusion-text-1\"><p><span style=\"font-weight: 400;\">Bogotano, pero con sangre amaz\u00f3nica, Leonardo es aficionado a la fotograf\u00eda de la naturaleza y fiel devoto de las plantas y las caminatas por el bosque. Culmina sus estudios de ingenier\u00eda ambiental e inicia su trayectoria laboral en diferentes entidades del Distrito Capital como profesional en recursos h\u00eddricos y en el control ambiental a proyectos de infraestructura.  <\/span><\/p>\n<p><span style=\"font-weight: 400;\">Fue llamado a participar en diferentes proyectos ambientales en la amazonia colombiana, regi\u00f3n donde desarroll\u00f3 un amplio conocimiento y experiencia en el acompa\u00f1amiento y asesor\u00eda t\u00e9cnica a entidades territoriales y comunidades locales en procesos de restauraci\u00f3n ecol\u00f3gica, ordenamiento ambiental territorial, gesti\u00f3n del riesgo de desastres y cambio clim\u00e1tico. <\/span><\/p>\n<p><span style=\"font-weight: 400;\">Motivado por la riqueza natural de la amazonia y la posibilidad de seguir contribuyendo a la planificaci\u00f3n y el uso sostenible de sus recursos naturales, decide estudiar una maestr\u00eda en Ciencias Biol\u00f3gicas en la Universidad de la Amazonia, logrando con ello afianzar sus conocimientos acerca de la biodiversidad y la conservaci\u00f3n de los ecosistemas amaz\u00f3nicos.  <\/span><\/p>\n<p><span style=\"font-weight: 400;\">Luego de un importante paso en la docencia y la investigaci\u00f3n, y con el fin de seguir explorando nuevos retos en su vida personal <\/span><\/p>\n<p><span style=\"font-weight: 400;\">y profesional, se traslada al caribe colombiano, lugar donde reside desde hace tres a\u00f1os. <\/span><\/p>\n<p><span style=\"font-weight: 400;\">Leonardo se integra en 2024 al equipo de Envol Vert Colombia como responsable del componente de conservaci\u00f3n, lo que ha significado para \u00e9l una transici\u00f3n importante en su carrera al trabajar en un ecosistema con unas condiciones ambientales y din\u00e1micas sociales particulares. <\/span><\/p>\n<\/div><div class=\"fusion-separator fusion-full-width-sep\" style=\"align-self: center;margin-left: auto;margin-right: auto;margin-top:3%;width:100%;\"><\/div><div class=\"fusion-social-links fusion-social-links-1\" style=\"--awb-margin-top:0px;--awb-margin-right:0px;--awb-margin-bottom:0px;--awb-margin-left:0px;--awb-box-border-top:0px;--awb-box-border-right:0px;--awb-box-border-bottom:0px;--awb-box-border-left:0px;--awb-icon-colors-hover:var(--awb-color4);--awb-box-colors-hover:var(--awb-color1);--awb-box-border-color:var(--awb-color3);--awb-box-border-color-hover:var(--awb-color4);\"><div class=\"fusion-social-networks color-type-custom\"><div class=\"fusion-social-networks-wrapper\"><\/div><\/div><\/div><\/div><\/div><\/div><\/div><\/p>\n","protected":false},"excerpt":{"rendered":"<p>Coordinador de conservaci\u00f3n &#8211; Colombia<\/p>\n","protected":false},"featured_media":53083,"template":"","staff_cats":[1441],"class_list":["post-53086","staff","type-staff","status-publish","has-post-thumbnail","hentry","staff_cats-permanentes"],"_links":{"self":[{"href":"https:\/\/envol-vert.org\/es\/wp-json\/wp\/v2\/staff\/53086","targetHints":{"allow":["GET"]}}],"collection":[{"href":"https:\/\/envol-vert.org\/es\/wp-json\/wp\/v2\/staff"}],"about":[{"href":"https:\/\/envol-vert.org\/es\/wp-json\/wp\/v2\/types\/staff"}],"version-history":[{"count":0,"href":"https:\/\/envol-vert.org\/es\/wp-json\/wp\/v2\/staff\/53086\/revisions"}],"wp:featuredmedia":[{"embeddable":true,"href":"https:\/\/envol-vert.org\/es\/wp-json\/wp\/v2\/media\/53083"}],"wp:attachment":[{"href":"https:\/\/envol-vert.org\/es\/wp-json\/wp\/v2\/media?parent=53086"}],"wp:term":[{"taxonomy":"staff_cats","embeddable":true,"href":"https:\/\/envol-vert.org\/es\/wp-json\/wp\/v2\/staff_cats?post=53086"}],"curies":[{"name":"wp","href":"https:\/\/api.w.org\/{rel}","templated":true}]}}

Leonardo A. Saldaña Fonseca

<p><div class="fusion-fullwidth fullwidth-box fusion-builder-row-1 fusion-flex-container nonhundred-percent-fullwidth non-hundred-percent-height-scrolling" style="--awb-border-radius-top-left:0px;--awb-border-radius-top-right:0px;--awb-border-radius-bottom-right:0px;--awb-border-radius-bottom-left:0px;--awb-flex-wrap:wrap;" ><div class="fusion-builder-row fusion-row fusion-flex-align-items-flex-start fusion-flex-content-wrap" style="max-width:1040px;margin-left: calc(-4% / 2 );margin-right: calc(-4% / 2 );"><div class="fusion-layout-column fusion_builder_column fusion-builder-column-0 fusion_builder_column_1_1 1_1 fusion-flex-column" style="--awb-bg-size:cover;--awb-width-large:100%;--awb-margin-top-large:0px;--awb-spacing-right-large:1.92%;--awb-margin-bottom-large:10px;--awb-spacing-left-large:1.92%;--awb-width-medium:100%;--awb-order-medium:0;--awb-spacing-right-medium:1.92%;--awb-spacing-left-medium:1.92%;--awb-width-small:100%;--awb-order-small:0;--awb-spacing-right-small:1.92%;--awb-spacing-left-small:1.92%;"><div class="fusion-column-wrapper fusion-column-has-shadow fusion-flex-justify-content-flex-start fusion-content-layout-column"><div class="fusion-title title fusion-title-1 fusion-title-text fusion-title-size-two" style="--awb-text-color:#076633;--awb-margin-top-small:0px;--awb-margin-right-small:0px;--awb-margin-bottom-small:0px;--awb-margin-left-small:0px;"><div class="title-sep-container title-sep-container-left fusion-no-large-visibility fusion-no-medium-visibility fusion-no-small-visibility"><div class="title-sep sep-double sep-solid" style="border-color:#e0dede;"></div></div><span class="awb-title-spacer fusion-no-large-visibility fusion-no-medium-visibility fusion-no-small-visibility"></span><h2 class="fusion-title-heading title-heading-left fusion-responsive-typography-calculated" style="margin:0;--fontSize:22.4;--minFontSize:22.4;line-height:1.39;">Coordinador de conservación &#8211; Colombia</h2><span class="awb-title-spacer"></span><div class="title-sep-container title-sep-container-right"><div class="title-sep sep-double sep-solid" style="border-color:#e0dede;"></div></div></div></div></div></div></div><div class="fusion-fullwidth fullwidth-box fusion-builder-row-2 fusion-flex-container nonhundred-percent-fullwidth non-hundred-percent-height-scrolling" style="--awb-border-radius-top-left:0px;--awb-border-radius-top-right:0px;--awb-border-radius-bottom-right:0px;--awb-border-radius-bottom-left:0px;--awb-flex-wrap:wrap;" ><div class="fusion-builder-row fusion-row fusion-flex-align-items-flex-start fusion-flex-content-wrap" style="max-width:1040px;margin-left: calc(-4% / 2 );margin-right: calc(-4% / 2 );"><div class="fusion-layout-column fusion_builder_column fusion-builder-column-1 fusion_builder_column_1_1 1_1 fusion-flex-column" style="--awb-bg-size:cover;--awb-width-large:100%;--awb-margin-top-large:0px;--awb-spacing-right-large:1.92%;--awb-margin-bottom-large:20px;--awb-spacing-left-large:1.92%;--awb-width-medium:100%;--awb-order-medium:0;--awb-spacing-right-medium:1.92%;--awb-spacing-left-medium:1.92%;--awb-width-small:100%;--awb-order-small:0;--awb-spacing-right-small:1.92%;--awb-spacing-left-small:1.92%;"><div class="fusion-column-wrapper fusion-column-has-shadow fusion-flex-justify-content-flex-start fusion-content-layout-column"><div class="fusion-text fusion-text-1"><p><span style="font-weight: 400;">Bogotano, pero con sangre amazónica, Leonardo es aficionado a la fotografía de la naturaleza y fiel devoto de las plantas y las caminatas por el bosque. Culmina sus estudios de ingeniería ambiental e inicia su trayectoria laboral en diferentes entidades del Distrito Capital como profesional en recursos hídricos y en el control ambiental a proyectos de infraestructura.  </span></p>
<p><span style="font-weight: 400;">Fue llamado a participar en diferentes proyectos ambientales en la amazonia colombiana, región donde desarrolló un amplio conocimiento y experiencia en el acompañamiento y asesoría técnica a entidades territoriales y comunidades locales en procesos de restauración ecológica, ordenamiento ambiental territorial, gestión del riesgo de desastres y cambio climático. </span></p>
<p><span style="font-weight: 400;">Motivado por la riqueza natural de la amazonia y la posibilidad de seguir contribuyendo a la planificación y el uso sostenible de sus recursos naturales, decide estudiar una maestría en Ciencias Biológicas en la Universidad de la Amazonia, logrando con ello afianzar sus conocimientos acerca de la biodiversidad y la conservación de los ecosistemas amazónicos.  </span></p>
<p><span style="font-weight: 400;">Luego de un importante paso en la docencia y la investigación, y con el fin de seguir explorando nuevos retos en su vida personal </span></p>
<p><span style="font-weight: 400;">y profesional, se traslada al caribe colombiano, lugar donde reside desde hace tres años. </span></p>
<p><span style="font-weight: 400;">Leonardo se integra en 2024 al equipo de Envol Vert Colombia como responsable del componente de conservación, lo que ha significado para él una transición importante en su carrera al trabajar en un ecosistema con unas condiciones ambientales y dinámicas sociales particulares. </span></p>
</div><div class="fusion-separator fusion-full-width-sep" style="align-self: center;margin-left: auto;margin-right: auto;margin-top:3%;width:100%;"></div><div class="fusion-social-links fusion-social-links-1" style="--awb-margin-top:0px;--awb-margin-right:0px;--awb-margin-bottom:0px;--awb-margin-left:0px;--awb-box-border-top:0px;--awb-box-border-right:0px;--awb-box-border-bottom:0px;--awb-box-border-left:0px;--awb-icon-colors-hover:var(--awb-color4);--awb-box-colors-hover:var(--awb-color1);--awb-box-border-color:var(--awb-color3);--awb-box-border-color-hover:var(--awb-color4);"><div class="fusion-social-networks color-type-custom"><div class="fusion-social-networks-wrapper"></div></div></div></div></div></div></div></p>

<p>Coordinador de conservación &#8211; Colombia</p>
